SET NAMES utf8mb4;

-- ==== app_my_farah_etage ====
CREATE TABLE `app_my_farah_etage` (
  `id_etage` int NOT NULL,
  `libelle_etage` varchar(255) NOT NULL,
  `note_etage` varchar(255) NOT NULL,
  `etat_etage` int NOT NULL,
  `user_connect` varchar(255) NOT NULL,
  `date_crea` varchar(255) NOT NULL
) ENGINE=InnoDB DEFAULT CHARSET=utf8mb4;

--
-- Déchargement des données de la table `app_my_farah_etage`
--

INSERT INTO `app_my_farah_etage` (`id_etage`, `libelle_etage`, `note_etage`, `etat_etage`, `user_connect`, `date_crea`) VALUES
(1, '1er étage', '', 0, 'test1@polycliniquefarah.com', '2024-01-05 09:01:52');
INSERT INTO `app_my_farah_etage` (`id_etage`, `libelle_etage`, `note_etage`, `etat_etage`, `user_connect`, `date_crea`) VALUES
(2, '2e étage', '', 0, 'test1@polycliniquefarah.com', '2024-01-12 14:19:56');
INSERT INTO `app_my_farah_etage` (`id_etage`, `libelle_etage`, `note_etage`, `etat_etage`, `user_connect`, `date_crea`) VALUES
(3, '3e étage', '', 0, 'admin@polycliniquefarah.com', '2024-01-15 11:48:39');
INSERT INTO `app_my_farah_etage` (`id_etage`, `libelle_etage`, `note_etage`, `etat_etage`, `user_connect`, `date_crea`) VALUES
(4, '4e étage', '', 0, 'admin@polycliniquefarah.com', '2024-01-15 12:41:10');

-- --------------------------------------------------------

--
-- Structure de la table `app_my_farah_evaluation`
--


-- ==== app_my_farah_chambre ====
CREATE TABLE `app_my_farah_chambre` (
  `id_chambre` int NOT NULL,
  `libelle_chambre` varchar(255) NOT NULL,
  `type_chambre` varchar(255) NOT NULL,
  `id_etage` int NOT NULL,
  `description` varchar(255) NOT NULL,
  `etat_chambre` int NOT NULL,
  `id_hospitalisation` varchar(10) NOT NULL,
  `user_connect` varchar(255) NOT NULL,
  `date_crea` varchar(255) NOT NULL
) ENGINE=InnoDB DEFAULT CHARSET=utf8mb4;

--
-- Déchargement des données de la table `app_my_farah_chambre`
--

INSERT INTO `app_my_farah_chambre` (`id_chambre`, `libelle_chambre`, `type_chambre`, `id_etage`, `description`, `etat_chambre`, `id_hospitalisation`, `user_connect`, `date_crea`) VALUES
(1, 'Chambre 01', '1', 1, '', 1, '10652', 'test1@polycliniquefarah.com', '2024-01-05 09:02:08');
INSERT INTO `app_my_farah_chambre` (`id_chambre`, `libelle_chambre`, `type_chambre`, `id_etage`, `description`, `etat_chambre`, `id_hospitalisation`, `user_connect`, `date_crea`) VALUES
(2, 'Chambre 02', '2', 1, ' cxcx', 1, '1876', 'test1@polycliniquefarah.com', '2024-01-05 09:17:49');
INSERT INTO `app_my_farah_chambre` (`id_chambre`, `libelle_chambre`, `type_chambre`, `id_etage`, `description`, `etat_chambre`, `id_hospitalisation`, `user_connect`, `date_crea`) VALUES
(3, 'Chambre 332', '1', 3, 'vue sur la lagune ', 1, '13795', 'test1@polycliniquefarah.com', '2024-01-08 09:52:43');
INSERT INTO `app_my_farah_chambre` (`id_chambre`, `libelle_chambre`, `type_chambre`, `id_etage`, `description`, `etat_chambre`, `id_hospitalisation`, `user_connect`, `date_crea`) VALUES
(4, '', '4', 2, 'test', 1, '7996', 'test1@polycliniquefarah.com', '2024-01-14 13:10:43');
INSERT INTO `app_my_farah_chambre` (`id_chambre`, `libelle_chambre`, `type_chambre`, `id_etage`, `description`, `etat_chambre`, `id_hospitalisation`, `user_connect`, `date_crea`) VALUES
(5, 'Chambre 200', '2', 2, 'Vue sur la ville', 1, '13788', 'admin@polycliniquefarah.com', '2024-01-15 12:43:44');
INSERT INTO `app_my_farah_chambre` (`id_chambre`, `libelle_chambre`, `type_chambre`, `id_etage`, `description`, `etat_chambre`, `id_hospitalisation`, `user_connect`, `date_crea`) VALUES
(6, 'Chambre 201', '2', 2, 'Vue sur la ville', 1, '13725', 'admin@polycliniquefarah.com', '2024-01-15 12:44:12');
INSERT INTO `app_my_farah_chambre` (`id_chambre`, `libelle_chambre`, `type_chambre`, `id_etage`, `description`, `etat_chambre`, `id_hospitalisation`, `user_connect`, `date_crea`) VALUES
(7, 'Chambre 202', '2', 2, 'Vue sur la ville', 0, '', 'admin@polycliniquefarah.com', '2024-01-15 12:44:36');
INSERT INTO `app_my_farah_chambre` (`id_chambre`, `libelle_chambre`, `type_chambre`, `id_etage`, `description`, `etat_chambre`, `id_hospitalisation`, `user_connect`, `date_crea`) VALUES
(8, 'Chambre 203', '2', 2, 'Vue sur la ville', 1, '13755', 'admin@polycliniquefarah.com', '2024-01-15 12:44:55');
INSERT INTO `app_my_farah_chambre` (`id_chambre`, `libelle_chambre`, `type_chambre`, `id_etage`, `description`, `etat_chambre`, `id_hospitalisation`, `user_connect`, `date_crea`) VALUES
(9, 'Chambre 204', '2', 2, 'Vue sur la ville', 1, '13705', 'admin@polycliniquefarah.com', '2024-01-15 12:45:08');
INSERT INTO `app_my_farah_chambre` (`id_chambre`, `libelle_chambre`, `type_chambre`, `id_etage`, `description`, `etat_chambre`, `id_hospitalisation`, `user_connect`, `date_crea`) VALUES
(10, 'Chambre 205 ', '3', 2, 'vue sur la ville ', 0, '', 'conciergerie4@polycliniquefarah.com', '2024-01-15 12:57:09');
INSERT INTO `app_my_farah_chambre` (`id_chambre`, `libelle_chambre`, `type_chambre`, `id_etage`, `description`, `etat_chambre`, `id_hospitalisation`, `user_connect`, `date_crea`) VALUES
(11, 'Chambre 206', '3', 2, 'vue sur la ville ', 1, '13761', 'conciergerie4@polycliniquefarah.com', '2024-01-15 12:57:49');
INSERT INTO `app_my_farah_chambre` (`id_chambre`, `libelle_chambre`, `type_chambre`, `id_etage`, `description`, `etat_chambre`, `id_hospitalisation`, `user_connect`, `date_crea`) VALUES
(12, 'Chambre 207', '3', 2, 'vue sur la ville ', 1, '13727', 'conciergerie4@polycliniquefarah.com', '2024-01-15 12:58:18');
INSERT INTO `app_my_farah_chambre` (`id_chambre`, `libelle_chambre`, `type_chambre`, `id_etage`, `description`, `etat_chambre`, `id_hospitalisation`, `user_connect`, `date_crea`) VALUES
(13, 'Chambre 208', '3', 2, 'vue sur la ville ', 1, '13741', 'conciergerie4@polycliniquefarah.com', '2024-01-15 12:58:38');
INSERT INTO `app_my_farah_chambre` (`id_chambre`, `libelle_chambre`, `type_chambre`, `id_etage`, `description`, `etat_chambre`, `id_hospitalisation`, `user_connect`, `date_crea`) VALUES
(14, 'Chambre 209', '3', 2, 'vue sur la ville ', 1, '13662', 'conciergerie4@polycliniquefarah.com', '2024-01-15 12:59:05');
INSERT INTO `app_my_farah_chambre` (`id_chambre`, `libelle_chambre`, `type_chambre`, `id_etage`, `description`, `etat_chambre`, `id_hospitalisation`, `user_connect`, `date_crea`) VALUES
(15, 'Chambre 210', '3', 2, 'vue sur la ville ', 1, '13663', 'conciergerie4@polycliniquefarah.com', '2024-01-15 12:59:29');
INSERT INTO `app_my_farah_chambre` (`id_chambre`, `libelle_chambre`, `type_chambre`, `id_etage`, `description`, `etat_chambre`, `id_hospitalisation`, `user_connect`, `date_crea`) VALUES
(16, 'Chambre 211', '2', 2, 'vue sur la ville ', 0, '', 'conciergerie4@polycliniquefarah.com', '2024-01-15 13:00:06');
INSERT INTO `app_my_farah_chambre` (`id_chambre`, `libelle_chambre`, `type_chambre`, `id_etage`, `description`, `etat_chambre`, `id_hospitalisation`, `user_connect`, `date_crea`) VALUES
(17, 'Chambre 212', '4', 2, 'vue sur la ville ', 1, '13423', 'conciergerie4@polycliniquefarah.com', '2024-01-15 13:00:40');
INSERT INTO `app_my_farah_chambre` (`id_chambre`, `libelle_chambre`, `type_chambre`, `id_etage`, `description`, `etat_chambre`, `id_hospitalisation`, `user_connect`, `date_crea`) VALUES
(18, 'Chambre 213', '4', 2, 'vue sur la ville ', 1, '13685', 'conciergerie4@polycliniquefarah.com', '2024-01-15 13:01:01');
INSERT INTO `app_my_farah_chambre` (`id_chambre`, `libelle_chambre`, `type_chambre`, `id_etage`, `description`, `etat_chambre`, `id_hospitalisation`, `user_connect`, `date_crea`) VALUES
(19, 'Chambre 214', '4', 2, 'vue sur la ville ', 1, '13789', 'conciergerie4@polycliniquefarah.com', '2024-01-15 13:01:37');
INSERT INTO `app_my_farah_chambre` (`id_chambre`, `libelle_chambre`, `type_chambre`, `id_etage`, `description`, `etat_chambre`, `id_hospitalisation`, `user_connect`, `date_crea`) VALUES
(20, 'EXISTE PLUS ', '4', 2, 'vue sur la ville ', 0, '', 'conciergerie4@polycliniquefarah.com', '2024-01-15 13:02:00');
INSERT INTO `app_my_farah_chambre` (`id_chambre`, `libelle_chambre`, `type_chambre`, `id_etage`, `description`, `etat_chambre`, `id_hospitalisation`, `user_connect`, `date_crea`) VALUES
(21, 'EXISTE PLUS ', '4', 2, 'vue sur la ville ', 0, '', 'conciergerie4@polycliniquefarah.com', '2024-01-15 13:02:22');
INSERT INTO `app_my_farah_chambre` (`id_chambre`, `libelle_chambre`, `type_chambre`, `id_etage`, `description`, `etat_chambre`, `id_hospitalisation`, `user_connect`, `date_crea`) VALUES
(22, 'Chambre 217', '3', 2, 'vue sur la ville ', 1, '13483', 'conciergerie4@polycliniquefarah.com', '2024-01-15 13:03:24');
INSERT INTO `app_my_farah_chambre` (`id_chambre`, `libelle_chambre`, `type_chambre`, `id_etage`, `description`, `etat_chambre`, `id_hospitalisation`, `user_connect`, `date_crea`) VALUES
(23, 'Chambre 218', '3', 2, 'vue sur la ville ', 0, '', 'conciergerie4@polycliniquefarah.com', '2024-01-15 13:04:06');
INSERT INTO `app_my_farah_chambre` (`id_chambre`, `libelle_chambre`, `type_chambre`, `id_etage`, `description`, `etat_chambre`, `id_hospitalisation`, `user_connect`, `date_crea`) VALUES
(24, 'Chambre 219', '3', 2, 'vue sur la ville ', 1, '13690', 'conciergerie4@polycliniquefarah.com', '2024-01-15 13:04:39');
INSERT INTO `app_my_farah_chambre` (`id_chambre`, `libelle_chambre`, `type_chambre`, `id_etage`, `description`, `etat_chambre`, `id_hospitalisation`, `user_connect`, `date_crea`) VALUES
(25, 'Chambre 220', '3', 2, 'vue sur la ville ', 0, '', 'conciergerie4@polycliniquefarah.com', '2024-01-15 13:05:03');
INSERT INTO `app_my_farah_chambre` (`id_chambre`, `libelle_chambre`, `type_chambre`, `id_etage`, `description`, `etat_chambre`, `id_hospitalisation`, `user_connect`, `date_crea`) VALUES
(26, 'Chambre 221', '3', 2, 'vue sur la ville ', 0, '', 'conciergerie4@polycliniquefarah.com', '2024-01-15 13:05:22');
INSERT INTO `app_my_farah_chambre` (`id_chambre`, `libelle_chambre`, `type_chambre`, `id_etage`, `description`, `etat_chambre`, `id_hospitalisation`, `user_connect`, `date_crea`) VALUES
(27, 'Chambre 222', '3', 2, 'vue sur la ville ', 1, '13529', 'conciergerie4@polycliniquefarah.com', '2024-01-15 13:05:44');
INSERT INTO `app_my_farah_chambre` (`id_chambre`, `libelle_chambre`, `type_chambre`, `id_etage`, `description`, `etat_chambre`, `id_hospitalisation`, `user_connect`, `date_crea`) VALUES
(28, 'Chambre 223', '2', 2, 'vue sur la ville ', 1, '13763', 'conciergerie4@polycliniquefarah.com', '2024-01-15 13:06:20');
INSERT INTO `app_my_farah_chambre` (`id_chambre`, `libelle_chambre`, `type_chambre`, `id_etage`, `description`, `etat_chambre`, `id_hospitalisation`, `user_connect`, `date_crea`) VALUES
(29, 'Chambre 224', '2', 2, 'vue sur la ville ', 1, '13404', 'conciergerie4@polycliniquefarah.com', '2024-01-15 13:06:48');
INSERT INTO `app_my_farah_chambre` (`id_chambre`, `libelle_chambre`, `type_chambre`, `id_etage`, `description`, `etat_chambre`, `id_hospitalisation`, `user_connect`, `date_crea`) VALUES
(30, 'Chambre 225', '2', 2, 'vue sur la ville ', 1, '13554', 'conciergerie4@polycliniquefarah.com', '2024-01-15 13:07:06');
INSERT INTO `app_my_farah_chambre` (`id_chambre`, `libelle_chambre`, `type_chambre`, `id_etage`, `description`, `etat_chambre`, `id_hospitalisation`, `user_connect`, `date_crea`) VALUES
(31, 'Chambre 226', '2', 2, 'vue sur la ville ', 1, '13526', 'conciergerie4@polycliniquefarah.com', '2024-01-15 13:07:25');
INSERT INTO `app_my_farah_chambre` (`id_chambre`, `libelle_chambre`, `type_chambre`, `id_etage`, `description`, `etat_chambre`, `id_hospitalisation`, `user_connect`, `date_crea`) VALUES
(32, 'Chambre 227', '2', 2, 'vue sur la ville ', 1, '13721', 'conciergerie4@polycliniquefarah.com', '2024-01-15 13:07:51');
INSERT INTO `app_my_farah_chambre` (`id_chambre`, `libelle_chambre`, `type_chambre`, `id_etage`, `description`, `etat_chambre`, `id_hospitalisation`, `user_connect`, `date_crea`) VALUES
(33, 'Chambre 228', '2', 2, 'vue sur la ville ', 1, '13730', 'conciergerie4@polycliniquefarah.com', '2024-01-15 13:08:31');
INSERT INTO `app_my_farah_chambre` (`id_chambre`, `libelle_chambre`, `type_chambre`, `id_etage`, `description`, `etat_chambre`, `id_hospitalisation`, `user_connect`, `date_crea`) VALUES
(34, 'Chambre 229', '2', 2, 'vue sur la ville ', 1, '13762', 'conciergerie4@polycliniquefarah.com', '2024-01-15 13:08:51');
INSERT INTO `app_my_farah_chambre` (`id_chambre`, `libelle_chambre`, `type_chambre`, `id_etage`, `description`, `etat_chambre`, `id_hospitalisation`, `user_connect`, `date_crea`) VALUES
(35, 'Chambre 230', '2', 2, 'vue sur la ville ', 1, '13747', 'conciergerie4@polycliniquefarah.com', '2024-01-15 13:09:08');
INSERT INTO `app_my_farah_chambre` (`id_chambre`, `libelle_chambre`, `type_chambre`, `id_etage`, `description`, `etat_chambre`, `id_hospitalisation`, `user_connect`, `date_crea`) VALUES
(36, 'Chambre 231', '2', 2, 'vue sur la ville ', 1, '13710', 'conciergerie4@polycliniquefarah.com', '2024-01-15 13:09:31');
INSERT INTO `app_my_farah_chambre` (`id_chambre`, `libelle_chambre`, `type_chambre`, `id_etage`, `description`, `etat_chambre`, `id_hospitalisation`, `user_connect`, `date_crea`) VALUES
(37, 'Chambre 232', '2', 2, 'vue sur la ville ', 1, '13743', 'conciergerie4@polycliniquefarah.com', '2024-01-15 13:09:56');
INSERT INTO `app_my_farah_chambre` (`id_chambre`, `libelle_chambre`, `type_chambre`, `id_etage`, `description`, `etat_chambre`, `id_hospitalisation`, `user_connect`, `date_crea`) VALUES
(38, 'Chambre 300', '2', 3, 'vue sur la ville ', 1, '13764', 'conciergerie4@polycliniquefarah.com', '2024-01-15 14:30:23');
INSERT INTO `app_my_farah_chambre` (`id_chambre`, `libelle_chambre`, `type_chambre`, `id_etage`, `description`, `etat_chambre`, `id_hospitalisation`, `user_connect`, `date_crea`) VALUES
(39, 'Chambre 301', '2', 3, 'vue sur la ville ', 1, '13791', 'conciergerie4@polycliniquefarah.com', '2024-01-15 14:30:49');
INSERT INTO `app_my_farah_chambre` (`id_chambre`, `libelle_chambre`, `type_chambre`, `id_etage`, `description`, `etat_chambre`, `id_hospitalisation`, `user_connect`, `date_crea`) VALUES
(40, 'Chambre 303', '2', 3, 'vue sur la ville ', 1, '13765', 'conciergerie4@polycliniquefarah.com', '2024-01-15 14:31:06');
INSERT INTO `app_my_farah_chambre` (`id_chambre`, `libelle_chambre`, `type_chambre`, `id_etage`, `description`, `etat_chambre`, `id_hospitalisation`, `user_connect`, `date_crea`) VALUES
(41, 'Chambre 304', '2', 3, 'vue sur la ville ', 1, '13777', 'conciergerie4@polycliniquefarah.com', '2024-01-15 14:31:27');
INSERT INTO `app_my_farah_chambre` (`id_chambre`, `libelle_chambre`, `type_chambre`, `id_etage`, `description`, `etat_chambre`, `id_hospitalisation`, `user_connect`, `date_crea`) VALUES
(42, 'Chambre 305', '3', 3, 'vue sur la ville ', 1, '13792', 'conciergerie4@polycliniquefarah.com', '2024-01-15 14:32:25');
INSERT INTO `app_my_farah_chambre` (`id_chambre`, `libelle_chambre`, `type_chambre`, `id_etage`, `description`, `etat_chambre`, `id_hospitalisation`, `user_connect`, `date_crea`) VALUES
(43, 'Chambre 306', '3', 3, 'vue sur la ville ', 1, '13766', 'conciergerie4@polycliniquefarah.com', '2024-01-15 14:32:44');
INSERT INTO `app_my_farah_chambre` (`id_chambre`, `libelle_chambre`, `type_chambre`, `id_etage`, `description`, `etat_chambre`, `id_hospitalisation`, `user_connect`, `date_crea`) VALUES
(44, 'Chambre 307', '3', 3, 'vue sur la ville ', 0, '', 'conciergerie4@polycliniquefarah.com', '2024-01-15 14:33:38');
INSERT INTO `app_my_farah_chambre` (`id_chambre`, `libelle_chambre`, `type_chambre`, `id_etage`, `description`, `etat_chambre`, `id_hospitalisation`, `user_connect`, `date_crea`) VALUES
(45, 'Chambre 308', '3', 3, 'vue sur la ville ', 1, '13751', 'conciergerie4@polycliniquefarah.com', '2024-01-15 14:34:38');
INSERT INTO `app_my_farah_chambre` (`id_chambre`, `libelle_chambre`, `type_chambre`, `id_etage`, `description`, `etat_chambre`, `id_hospitalisation`, `user_connect`, `date_crea`) VALUES
(46, 'Chambre 309', '3', 3, 'vue sur la ville ', 0, '', 'conciergerie4@polycliniquefarah.com', '2024-01-15 14:35:19');
INSERT INTO `app_my_farah_chambre` (`id_chambre`, `libelle_chambre`, `type_chambre`, `id_etage`, `description`, `etat_chambre`, `id_hospitalisation`, `user_connect`, `date_crea`) VALUES
(47, 'Chambre 310', '3', 3, 'vue sur la ville ', 1, '13767', 'conciergerie4@polycliniquefarah.com', '2024-01-15 14:35:56');
INSERT INTO `app_my_farah_chambre` (`id_chambre`, `libelle_chambre`, `type_chambre`, `id_etage`, `description`, `etat_chambre`, `id_hospitalisation`, `user_connect`, `date_crea`) VALUES
(48, 'Chambre 311', '4', 3, 'vue sur la ville ', 1, '13793', 'conciergerie4@polycliniquefarah.com', '2024-01-15 14:36:30');
INSERT INTO `app_my_farah_chambre` (`id_chambre`, `libelle_chambre`, `type_chambre`, `id_etage`, `description`, `etat_chambre`, `id_hospitalisation`, `user_connect`, `date_crea`) VALUES
(49, 'Chambre 312', '4', 3, 'vue sur la ville ', 1, '13769', 'conciergerie4@polycliniquefarah.com', '2024-01-15 14:36:49');
INSERT INTO `app_my_farah_chambre` (`id_chambre`, `libelle_chambre`, `type_chambre`, `id_etage`, `description`, `etat_chambre`, `id_hospitalisation`, `user_connect`, `date_crea`) VALUES
(50, 'Chambre 313', '4', 3, 'vue sur la ville ', 1, '13770', 'conciergerie4@polycliniquefarah.com', '2024-01-15 14:37:33');
INSERT INTO `app_my_farah_chambre` (`id_chambre`, `libelle_chambre`, `type_chambre`, `id_etage`, `description`, `etat_chambre`, `id_hospitalisation`, `user_connect`, `date_crea`) VALUES
(51, 'Chambre 314', '4', 3, 'vue sur la ville ', 1, '13773', 'conciergerie4@polycliniquefarah.com', '2024-01-15 14:37:56');
INSERT INTO `app_my_farah_chambre` (`id_chambre`, `libelle_chambre`, `type_chambre`, `id_etage`, `description`, `etat_chambre`, `id_hospitalisation`, `user_connect`, `date_crea`) VALUES
(52, 'Chambre 315', '4', 3, 'vue sur la ville ', 1, '13752', 'conciergerie4@polycliniquefarah.com', '2024-01-15 14:38:17');
INSERT INTO `app_my_farah_chambre` (`id_chambre`, `libelle_chambre`, `type_chambre`, `id_etage`, `description`, `etat_chambre`, `id_hospitalisation`, `user_connect`, `date_crea`) VALUES
(53, 'Chambre 316', '4', 3, 'vue sur la ville ', 1, '13650', 'conciergerie4@polycliniquefarah.com', '2024-01-15 14:38:32');
INSERT INTO `app_my_farah_chambre` (`id_chambre`, `libelle_chambre`, `type_chambre`, `id_etage`, `description`, `etat_chambre`, `id_hospitalisation`, `user_connect`, `date_crea`) VALUES
(54, 'Chambre 317', '3', 3, 'vue sur la ville ', 1, '13771', 'conciergerie4@polycliniquefarah.com', '2024-01-15 14:39:09');
INSERT INTO `app_my_farah_chambre` (`id_chambre`, `libelle_chambre`, `type_chambre`, `id_etage`, `description`, `etat_chambre`, `id_hospitalisation`, `user_connect`, `date_crea`) VALUES
(55, 'Chambre 318', '3', 3, 'vue sur la ville ', 1, '13772', 'conciergerie4@polycliniquefarah.com', '2024-01-15 14:39:32');
INSERT INTO `app_my_farah_chambre` (`id_chambre`, `libelle_chambre`, `type_chambre`, `id_etage`, `description`, `etat_chambre`, `id_hospitalisation`, `user_connect`, `date_crea`) VALUES
(56, 'Chambre 319', '3', 3, 'vue sur la ville ', 0, '', 'conciergerie4@polycliniquefarah.com', '2024-01-15 14:39:54');
INSERT INTO `app_my_farah_chambre` (`id_chambre`, `libelle_chambre`, `type_chambre`, `id_etage`, `description`, `etat_chambre`, `id_hospitalisation`, `user_connect`, `date_crea`) VALUES
(57, 'Chambre 320', '3', 3, 'vue sur la ville ', 1, '13775', 'conciergerie4@polycliniquefarah.com', '2024-01-15 14:40:35');
INSERT INTO `app_my_farah_chambre` (`id_chambre`, `libelle_chambre`, `type_chambre`, `id_etage`, `description`, `etat_chambre`, `id_hospitalisation`, `user_connect`, `date_crea`) VALUES
(58, 'Chambre 321', '3', 3, 'vue sur la ville ', 1, '13778', 'conciergerie4@polycliniquefarah.com', '2024-01-15 14:41:02');
INSERT INTO `app_my_farah_chambre` (`id_chambre`, `libelle_chambre`, `type_chambre`, `id_etage`, `description`, `etat_chambre`, `id_hospitalisation`, `user_connect`, `date_crea`) VALUES
(59, 'Chambre 322', '3', 3, 'vue sur la ville ', 1, '13776', 'conciergerie4@polycliniquefarah.com', '2024-01-15 14:41:20');
INSERT INTO `app_my_farah_chambre` (`id_chambre`, `libelle_chambre`, `type_chambre`, `id_etage`, `description`, `etat_chambre`, `id_hospitalisation`, `user_connect`, `date_crea`) VALUES
(60, 'Chambre 323', '2', 3, 'vue sur la ville ', 1, '13779', 'conciergerie4@polycliniquefarah.com', '2024-01-15 14:43:46');
INSERT INTO `app_my_farah_chambre` (`id_chambre`, `libelle_chambre`, `type_chambre`, `id_etage`, `description`, `etat_chambre`, `id_hospitalisation`, `user_connect`, `date_crea`) VALUES
(61, 'Chambre 324', '2', 3, 'vue sur la ville ', 0, '', 'conciergerie4@polycliniquefarah.com', '2024-01-15 14:44:12');
INSERT INTO `app_my_farah_chambre` (`id_chambre`, `libelle_chambre`, `type_chambre`, `id_etage`, `description`, `etat_chambre`, `id_hospitalisation`, `user_connect`, `date_crea`) VALUES
(62, 'Chambre 325', '2', 3, 'vue sur la ville ', 0, '', 'conciergerie4@polycliniquefarah.com', '2024-01-15 14:44:33');
INSERT INTO `app_my_farah_chambre` (`id_chambre`, `libelle_chambre`, `type_chambre`, `id_etage`, `description`, `etat_chambre`, `id_hospitalisation`, `user_connect`, `date_crea`) VALUES
(63, 'Chambre 327', '2', 3, 'vue sur le jardin de FARAH ', 0, '', 'conciergerie4@polycliniquefarah.com', '2024-01-15 14:45:34');
INSERT INTO `app_my_farah_chambre` (`id_chambre`, `libelle_chambre`, `type_chambre`, `id_etage`, `description`, `etat_chambre`, `id_hospitalisation`, `user_connect`, `date_crea`) VALUES
(64, 'Chambre 328', '2', 3, 'vue sur la ville ', 1, '13782', 'conciergerie4@polycliniquefarah.com', '2024-01-15 14:46:06');
INSERT INTO `app_my_farah_chambre` (`id_chambre`, `libelle_chambre`, `type_chambre`, `id_etage`, `description`, `etat_chambre`, `id_hospitalisation`, `user_connect`, `date_crea`) VALUES
(65, 'Chambre 329', '2', 3, 'vue sur la ville ', 1, '13794', 'conciergerie4@polycliniquefarah.com', '2024-01-15 14:46:42');
INSERT INTO `app_my_farah_chambre` (`id_chambre`, `libelle_chambre`, `type_chambre`, `id_etage`, `description`, `etat_chambre`, `id_hospitalisation`, `user_connect`, `date_crea`) VALUES
(66, 'Néo 1', '7', 4, 'Couveuse', 1, '13635', 'conciergerie4@polycliniquefarah.com', '2024-01-17 12:29:07');
INSERT INTO `app_my_farah_chambre` (`id_chambre`, `libelle_chambre`, `type_chambre`, `id_etage`, `description`, `etat_chambre`, `id_hospitalisation`, `user_connect`, `date_crea`) VALUES
(67, 'Néo 2', '7', 4, 'Couveuse', 0, '', 'conciergerie4@polycliniquefarah.com', '2024-01-17 12:30:10');
INSERT INTO `app_my_farah_chambre` (`id_chambre`, `libelle_chambre`, `type_chambre`, `id_etage`, `description`, `etat_chambre`, `id_hospitalisation`, `user_connect`, `date_crea`) VALUES
(68, 'Néo 3', '7', 4, 'Couveuse', 1, '13724', 'conciergerie4@polycliniquefarah.com', '2024-01-17 12:30:44');
INSERT INTO `app_my_farah_chambre` (`id_chambre`, `libelle_chambre`, `type_chambre`, `id_etage`, `description`, `etat_chambre`, `id_hospitalisation`, `user_connect`, `date_crea`) VALUES
(69, 'Néo 4', '7', 4, 'Couveuse', 1, '13787', 'conciergerie4@polycliniquefarah.com', '2024-01-17 12:31:04');
INSERT INTO `app_my_farah_chambre` (`id_chambre`, `libelle_chambre`, `type_chambre`, `id_etage`, `description`, `etat_chambre`, `id_hospitalisation`, `user_connect`, `date_crea`) VALUES
(70, 'Néo 5', '7', 4, 'Couveuse', 1, '13797', 'conciergerie4@polycliniquefarah.com', '2024-01-17 12:31:28');
INSERT INTO `app_my_farah_chambre` (`id_chambre`, `libelle_chambre`, `type_chambre`, `id_etage`, `description`, `etat_chambre`, `id_hospitalisation`, `user_connect`, `date_crea`) VALUES
(71, '', '7', 4, 'Couveuse', 0, '', 'conciergerie4@polycliniquefarah.com', '2024-01-17 12:31:53');
INSERT INTO `app_my_farah_chambre` (`id_chambre`, `libelle_chambre`, `type_chambre`, `id_etage`, `description`, `etat_chambre`, `id_hospitalisation`, `user_connect`, `date_crea`) VALUES
(72, 'Néo 7', '7', 4, 'Couveuse', 1, '13785', 'conciergerie4@polycliniquefarah.com', '2024-01-17 12:32:10');
INSERT INTO `app_my_farah_chambre` (`id_chambre`, `libelle_chambre`, `type_chambre`, `id_etage`, `description`, `etat_chambre`, `id_hospitalisation`, `user_connect`, `date_crea`) VALUES
(73, 'Néo 6', '7', 4, 'Couveuse', 1, '13786', 'conciergerie4@polycliniquefarah.com', '2024-01-17 12:32:34');
INSERT INTO `app_my_farah_chambre` (`id_chambre`, `libelle_chambre`, `type_chambre`, `id_etage`, `description`, `etat_chambre`, `id_hospitalisation`, `user_connect`, `date_crea`) VALUES
(74, 'Néo 8', '7', 4, 'Couveuse', 0, '', 'conciergerie4@polycliniquefarah.com', '2024-01-17 12:32:57');
INSERT INTO `app_my_farah_chambre` (`id_chambre`, `libelle_chambre`, `type_chambre`, `id_etage`, `description`, `etat_chambre`, `id_hospitalisation`, `user_connect`, `date_crea`) VALUES
(75, 'Néo 9', '7', 4, 'Couveuse', 0, '', 'conciergerie4@polycliniquefarah.com', '2024-01-17 12:33:18');
INSERT INTO `app_my_farah_chambre` (`id_chambre`, `libelle_chambre`, `type_chambre`, `id_etage`, `description`, `etat_chambre`, `id_hospitalisation`, `user_connect`, `date_crea`) VALUES
(76, 'Néo 10', '7', 4, 'Couveuse', 0, '', 'conciergerie4@polycliniquefarah.com', '2024-01-17 12:33:38');
INSERT INTO `app_my_farah_chambre` (`id_chambre`, `libelle_chambre`, `type_chambre`, `id_etage`, `description`, `etat_chambre`, `id_hospitalisation`, `user_connect`, `date_crea`) VALUES
(77, 'Néo 11', '7', 4, 'Couveuse', 0, '', 'conciergerie4@polycliniquefarah.com', '2024-01-17 12:33:59');
INSERT INTO `app_my_farah_chambre` (`id_chambre`, `libelle_chambre`, `type_chambre`, `id_etage`, `description`, `etat_chambre`, `id_hospitalisation`, `user_connect`, `date_crea`) VALUES
(78, 'Néo 12', '7', 4, 'Couveuse', 0, '', 'conciergerie4@polycliniquefarah.com', '2024-01-17 12:34:16');
INSERT INTO `app_my_farah_chambre` (`id_chambre`, `libelle_chambre`, `type_chambre`, `id_etage`, `description`, `etat_chambre`, `id_hospitalisation`, `user_connect`, `date_crea`) VALUES
(79, 'Chambre  326 A', '1', 3, 'vue sur la ville ', 0, '', 'conciergerie4@polycliniquefarah.com', '2024-01-17 17:08:47');
INSERT INTO `app_my_farah_chambre` (`id_chambre`, `libelle_chambre`, `type_chambre`, `id_etage`, `description`, `etat_chambre`, `id_hospitalisation`, `user_connect`, `date_crea`) VALUES
(80, 'Chambre 326 B', '1', 3, 'vue sur la ville ', 1, '13706', 'conciergerie4@polycliniquefarah.com', '2024-01-17 17:09:29');
INSERT INTO `app_my_farah_chambre` (`id_chambre`, `libelle_chambre`, `type_chambre`, `id_etage`, `description`, `etat_chambre`, `id_hospitalisation`, `user_connect`, `date_crea`) VALUES
(81, 'Chambre 233', '1', 2, 'Vue sur la lagune ', 1, '13746', 'conciergerie4@polycliniquefarah.com', '2024-01-18 19:11:59');
INSERT INTO `app_my_farah_chambre` (`id_chambre`, `libelle_chambre`, `type_chambre`, `id_etage`, `description`, `etat_chambre`, `id_hospitalisation`, `user_connect`, `date_crea`) VALUES
(82, 'Chambre 234', '1', 2, 'Vue sur la lagune ', 0, '', 'conciergerie4@polycliniquefarah.com', '2024-01-18 19:12:16');
INSERT INTO `app_my_farah_chambre` (`id_chambre`, `libelle_chambre`, `type_chambre`, `id_etage`, `description`, `etat_chambre`, `id_hospitalisation`, `user_connect`, `date_crea`) VALUES
(83, 'Chambre 235', '1', 2, 'Vue sur la lagune ', 1, '13790', 'conciergerie4@polycliniquefarah.com', '2024-01-18 19:13:25');
INSERT INTO `app_my_farah_chambre` (`id_chambre`, `libelle_chambre`, `type_chambre`, `id_etage`, `description`, `etat_chambre`, `id_hospitalisation`, `user_connect`, `date_crea`) VALUES
(84, 'Chambre 236', '1', 2, 'Vue sur la lagune ', 1, '12702', 'conciergerie4@polycliniquefarah.com', '2024-01-18 19:15:02');
INSERT INTO `app_my_farah_chambre` (`id_chambre`, `libelle_chambre`, `type_chambre`, `id_etage`, `description`, `etat_chambre`, `id_hospitalisation`, `user_connect`, `date_crea`) VALUES
(85, 'Chambre 332', '1', 3, 'Vue sur la lagune ', 1, '3477', 'conciergerie4@polycliniquefarah.com', '2024-01-18 19:28:11');
INSERT INTO `app_my_farah_chambre` (`id_chambre`, `libelle_chambre`, `type_chambre`, `id_etage`, `description`, `etat_chambre`, `id_hospitalisation`, `user_connect`, `date_crea`) VALUES
(86, 'Chambre 333', '1', 3, 'Vue sur la lagune ', 0, '', 'conciergerie4@polycliniquefarah.com', '2024-01-18 19:28:32');
INSERT INTO `app_my_farah_chambre` (`id_chambre`, `libelle_chambre`, `type_chambre`, `id_etage`, `description`, `etat_chambre`, `id_hospitalisation`, `user_connect`, `date_crea`) VALUES
(87, 'Chambre 334', '1', 3, 'Vue sur la lagune ', 1, '13784', 'conciergerie4@polycliniquefarah.com', '2024-01-18 19:28:59');
INSERT INTO `app_my_farah_chambre` (`id_chambre`, `libelle_chambre`, `type_chambre`, `id_etage`, `description`, `etat_chambre`, `id_hospitalisation`, `user_connect`, `date_crea`) VALUES
(88, 'CH AMBULATOIRE 1', '4', 4, '', 1, '13701', 'conciergerie4@polycliniquefarah.com', '2024-01-18 19:38:41');
INSERT INTO `app_my_farah_chambre` (`id_chambre`, `libelle_chambre`, `type_chambre`, `id_etage`, `description`, `etat_chambre`, `id_hospitalisation`, `user_connect`, `date_crea`) VALUES
(89, 'CH AMBULATOIRE 2', '4', 4, '', 0, '', 'conciergerie4@polycliniquefarah.com', '2024-01-18 19:39:26');
INSERT INTO `app_my_farah_chambre` (`id_chambre`, `libelle_chambre`, `type_chambre`, `id_etage`, `description`, `etat_chambre`, `id_hospitalisation`, `user_connect`, `date_crea`) VALUES
(90, 'CH AMBULATOIRE 3', '4', 4, '', 0, '', 'conciergerie4@polycliniquefarah.com', '2024-01-18 19:39:49');
INSERT INTO `app_my_farah_chambre` (`id_chambre`, `libelle_chambre`, `type_chambre`, `id_etage`, `description`, `etat_chambre`, `id_hospitalisation`, `user_connect`, `date_crea`) VALUES
(91, 'CH AMBULATOIRE 4', '4', 4, '', 1, '13723', 'conciergerie4@polycliniquefarah.com', '2024-01-18 19:40:23');
INSERT INTO `app_my_farah_chambre` (`id_chambre`, `libelle_chambre`, `type_chambre`, `id_etage`, `description`, `etat_chambre`, `id_hospitalisation`, `user_connect`, `date_crea`) VALUES
(92, 'CH AMBULATOIRE 5', '4', 4, '', 1, '13722', 'conciergerie4@polycliniquefarah.com', '2024-01-18 19:40:42');
INSERT INTO `app_my_farah_chambre` (`id_chambre`, `libelle_chambre`, `type_chambre`, `id_etage`, `description`, `etat_chambre`, `id_hospitalisation`, `user_connect`, `date_crea`) VALUES
(93, 'REA 1', '7', 4, 'REANIMATION ', 1, '13621', 'conciergerie4@polycliniquefarah.com', '2024-01-19 05:54:56');
INSERT INTO `app_my_farah_chambre` (`id_chambre`, `libelle_chambre`, `type_chambre`, `id_etage`, `description`, `etat_chambre`, `id_hospitalisation`, `user_connect`, `date_crea`) VALUES
(94, 'REA 2', '7', 4, 'REANIMATION ', 0, '', 'conciergerie4@polycliniquefarah.com', '2024-01-19 05:55:10');
INSERT INTO `app_my_farah_chambre` (`id_chambre`, `libelle_chambre`, `type_chambre`, `id_etage`, `description`, `etat_chambre`, `id_hospitalisation`, `user_connect`, `date_crea`) VALUES
(95, 'REA 3 ', '7', 4, 'REANIMATION ', 1, '13616', 'conciergerie4@polycliniquefarah.com', '2024-01-19 05:55:36');
INSERT INTO `app_my_farah_chambre` (`id_chambre`, `libelle_chambre`, `type_chambre`, `id_etage`, `description`, `etat_chambre`, `id_hospitalisation`, `user_connect`, `date_crea`) VALUES
(96, 'REA 4', '7', 4, 'REANIMATION ', 1, '13557', 'conciergerie4@polycliniquefarah.com', '2024-01-19 05:55:57');
INSERT INTO `app_my_farah_chambre` (`id_chambre`, `libelle_chambre`, `type_chambre`, `id_etage`, `description`, `etat_chambre`, `id_hospitalisation`, `user_connect`, `date_crea`) VALUES
(97, 'REA5', '7', 4, 'REANIMATION ', 1, '13555', 'conciergerie4@polycliniquefarah.com', '2024-01-19 05:56:32');
INSERT INTO `app_my_farah_chambre` (`id_chambre`, `libelle_chambre`, `type_chambre`, `id_etage`, `description`, `etat_chambre`, `id_hospitalisation`, `user_connect`, `date_crea`) VALUES
(98, 'REA 6', '5', 4, 'REANIMATION ', 1, '13615', 'conciergerie4@polycliniquefarah.com', '2024-01-19 05:57:04');
INSERT INTO `app_my_farah_chambre` (`id_chambre`, `libelle_chambre`, `type_chambre`, `id_etage`, `description`, `etat_chambre`, `id_hospitalisation`, `user_connect`, `date_crea`) VALUES
(99, 'REA 7 ', '7', 4, 'REANIMATION ', 0, '', 'conciergerie4@polycliniquefarah.com', '2024-01-19 05:57:24');
INSERT INTO `app_my_farah_chambre` (`id_chambre`, `libelle_chambre`, `type_chambre`, `id_etage`, `description`, `etat_chambre`, `id_hospitalisation`, `user_connect`, `date_crea`) VALUES
(100, 'Chambre 330', '2', 3, 'vue sur la ville ', 1, '13783', 'conciergerie4@polycliniquefarah.com', '2024-01-22 09:52:55');
INSERT INTO `app_my_farah_chambre` (`id_chambre`, `libelle_chambre`, `type_chambre`, `id_etage`, `description`, `etat_chambre`, `id_hospitalisation`, `user_connect`, `date_crea`) VALUES
(101, 'Chambre 331', '2', 3, 'vue sur la ville ', 0, '', 'conciergerie4@polycliniquefarah.com', '2024-01-22 09:53:25');
INSERT INTO `app_my_farah_chambre` (`id_chambre`, `libelle_chambre`, `type_chambre`, `id_etage`, `description`, `etat_chambre`, `id_hospitalisation`, `user_connect`, `date_crea`) VALUES
(102, 'SUITE 330/331', '1', 3, 'vue sur la ville / EN FORFAIT 175000 PAR JOUR ', 0, '', 'conciergerie4@polycliniquefarah.com', '2024-01-22 09:56:01');
INSERT INTO `app_my_farah_chambre` (`id_chambre`, `libelle_chambre`, `type_chambre`, `id_etage`, `description`, `etat_chambre`, `id_hospitalisation`, `user_connect`, `date_crea`) VALUES
(103, 'Chambre 302', '2', 3, 'vue sur la ville ', 1, '13796', 'conciergerie4@polycliniquefarah.com', '2024-01-22 11:43:41');
INSERT INTO `app_my_farah_chambre` (`id_chambre`, `libelle_chambre`, `type_chambre`, `id_etage`, `description`, `etat_chambre`, `id_hospitalisation`, `user_connect`, `date_crea`) VALUES
(104, 'SUITE 326A/326B ', '5', 3, 'vue sur la ville / EN FORFAIT 175000 PAR JOUR ', 1, '13780', 'conciergerie4@polycliniquefarah.com', '2024-02-05 11:02:09');
INSERT INTO `app_my_farah_chambre` (`id_chambre`, `libelle_chambre`, `type_chambre`, `id_etage`, `description`, `etat_chambre`, `id_hospitalisation`, `user_connect`, `date_crea`) VALUES
(105, 'Chambre 228 B ', '3', 2, 'Chambre except. double ', 0, '', 'yannhndah@polycliniquefarah.com', '2024-02-15 10:49:26');
INSERT INTO `app_my_farah_chambre` (`id_chambre`, `libelle_chambre`, `type_chambre`, `id_etage`, `description`, `etat_chambre`, `id_hospitalisation`, `user_connect`, `date_crea`) VALUES
(106, 'Chambre 330 B ', '3', 3, 'Chambre except. double ', 0, '', 'yannhndah@polycliniquefarah.com', '2024-02-15 10:58:35');
INSERT INTO `app_my_farah_chambre` (`id_chambre`, `libelle_chambre`, `type_chambre`, `id_etage`, `description`, `etat_chambre`, `id_hospitalisation`, `user_connect`, `date_crea`) VALUES
(107, 'Chambre 300 B', '3', 3, 'VUE SUR LA VILLE', 0, '', 'diby225@polycliniquefarah.com', '2024-03-16 12:25:26');
INSERT INTO `app_my_farah_chambre` (`id_chambre`, `libelle_chambre`, `type_chambre`, `id_etage`, `description`, `etat_chambre`, `id_hospitalisation`, `user_connect`, `date_crea`) VALUES
(108, 'CHAMBRE 327 A', '1', 3, 'VUE SUR LA VILLE', 0, '', 'diby225@polycliniquefarah.com', '2024-03-21 09:37:02');
INSERT INTO `app_my_farah_chambre` (`id_chambre`, `libelle_chambre`, `type_chambre`, `id_etage`, `description`, `etat_chambre`, `id_hospitalisation`, `user_connect`, `date_crea`) VALUES
(109, 'CH', '7', 4, 'vue sur la ville', 1, '10440', 'diby225@polycliniquefarah.com', '2024-03-22 08:33:51');
INSERT INTO `app_my_farah_chambre` (`id_chambre`, `libelle_chambre`, `type_chambre`, `id_etage`, `description`, `etat_chambre`, `id_hospitalisation`, `user_connect`, `date_crea`) VALUES
(110, 'ch', '7', 4, 'VUE SUR LA VILLE', 1, '10741', 'diby225@polycliniquefarah.com', '2024-04-11 11:18:37');
INSERT INTO `app_my_farah_chambre` (`id_chambre`, `libelle_chambre`, `type_chambre`, `id_etage`, `description`, `etat_chambre`, `id_hospitalisation`, `user_connect`, `date_crea`) VALUES
(111, 'ch', '7', 4, 'VUE SUR LA VILLE', 1, '10743', 'diby225@polycliniquefarah.com', '2024-05-14 08:28:17');
INSERT INTO `app_my_farah_chambre` (`id_chambre`, `libelle_chambre`, `type_chambre`, `id_etage`, `description`, `etat_chambre`, `id_hospitalisation`, `user_connect`, `date_crea`) VALUES
(112, 'ch', '7', 4, 'VUE SUR LA VILLE', 0, '', 'diby225@polycliniquefarah.com', '2024-05-14 08:40:54');
INSERT INTO `app_my_farah_chambre` (`id_chambre`, `libelle_chambre`, `type_chambre`, `id_etage`, `description`, `etat_chambre`, `id_hospitalisation`, `user_connect`, `date_crea`) VALUES
(113, 'Chambre 203 B ', '2', 2, 'Vue sur la ville ', 1, '12837', 'conciergerie4@polycliniquefarah.com', '2024-06-12 08:19:19');
INSERT INTO `app_my_farah_chambre` (`id_chambre`, `libelle_chambre`, `type_chambre`, `id_etage`, `description`, `etat_chambre`, `id_hospitalisation`, `user_connect`, `date_crea`) VALUES
(114, 'Chambre 201 B', '3', 2, 'vue sur la ville ', 0, '', 'conciergerie4@polycliniquefarah.com', '2024-07-01 17:42:36');
INSERT INTO `app_my_farah_chambre` (`id_chambre`, `libelle_chambre`, `type_chambre`, `id_etage`, `description`, `etat_chambre`, `id_hospitalisation`, `user_connect`, `date_crea`) VALUES
(115, 'Chambre 301 B', '3', 3, 'Vue sur la ville ', 0, '', 'conciergerie4@polycliniquefarah.com', '2024-07-01 17:43:30');
INSERT INTO `app_my_farah_chambre` (`id_chambre`, `libelle_chambre`, `type_chambre`, `id_etage`, `description`, `etat_chambre`, `id_hospitalisation`, `user_connect`, `date_crea`) VALUES
(116, 'Chambre 231 B', '3', 2, 'Vue sur la ville ', 0, '', 'conciergerie4@polycliniquefarah.com', '2024-07-01 17:45:34');
INSERT INTO `app_my_farah_chambre` (`id_chambre`, `libelle_chambre`, `type_chambre`, `id_etage`, `description`, `etat_chambre`, `id_hospitalisation`, `user_connect`, `date_crea`) VALUES
(117, 'CHAMBRE 202 B', '3', 2, 'CHAMBRE 202 MODIFIER PR RECEVOIR 2 PERSONNES ', 0, '', 'kouamecarmel@polycliniquefarah.com', '2024-07-15 16:44:37');
INSERT INTO `app_my_farah_chambre` (`id_chambre`, `libelle_chambre`, `type_chambre`, `id_etage`, `description`, `etat_chambre`, `id_hospitalisation`, `user_connect`, `date_crea`) VALUES
(118, 'Chambre 300 B', '2', 3, 'Vue sur la ville ', 0, '', 'kouamecarmel@polycliniquefarah.com', '2024-08-07 17:53:58');
INSERT INTO `app_my_farah_chambre` (`id_chambre`, `libelle_chambre`, `type_chambre`, `id_etage`, `description`, `etat_chambre`, `id_hospitalisation`, `user_connect`, `date_crea`) VALUES
(119, '', '1', 2, 'Vue sur la lagune', 1, '10859', 'kouamecarmel@polycliniquefarah.com', '2024-08-08 06:56:16');
INSERT INTO `app_my_farah_chambre` (`id_chambre`, `libelle_chambre`, `type_chambre`, `id_etage`, `description`, `etat_chambre`, `id_hospitalisation`, `user_connect`, `date_crea`) VALUES
(120, 'CHAMBRE 232 B', '3', 2, 'VUE SUR LE QUARTIER ', 1, '9553', 'conciergerie4@polycliniquefarah.com', '2024-10-14 12:08:06');
INSERT INTO `app_my_farah_chambre` (`id_chambre`, `libelle_chambre`, `type_chambre`, `id_etage`, `description`, `etat_chambre`, `id_hospitalisation`, `user_connect`, `date_crea`) VALUES
(121, '', '2', 2, 'VUE SUR LA VILLE ', 1, '10328', 'kouamecarmel@polycliniquefarah.com', '2025-04-15 18:35:41');
INSERT INTO `app_my_farah_chambre` (`id_chambre`, `libelle_chambre`, `type_chambre`, `id_etage`, `description`, `etat_chambre`, `id_hospitalisation`, `user_connect`, `date_crea`) VALUES
(122, '', '3', 2, 'CHAMBRE 200 MODIFIER PR RECEVOIR 2 PERSONNES', 1, '10848', 'kouamecarmel@polycliniquefarah.com', '2025-07-09 09:06:14');
INSERT INTO `app_my_farah_chambre` (`id_chambre`, `libelle_chambre`, `type_chambre`, `id_etage`, `description`, `etat_chambre`, `id_hospitalisation`, `user_connect`, `date_crea`) VALUES
(123, 'Chambre 200 B ', '3', 2, 'Chambre Indiv transformée en double ', 0, '', 'conciergerie4@polycliniquefarah.com', '2025-07-10 11:40:30');
INSERT INTO `app_my_farah_chambre` (`id_chambre`, `libelle_chambre`, `type_chambre`, `id_etage`, `description`, `etat_chambre`, `id_hospitalisation`, `user_connect`, `date_crea`) VALUES
(124, 'Chambre 304 B ', '3', 3, 'vue sur la ville ', 1, '12158', 'conciergerie4@polycliniquefarah.com', '2025-10-24 08:11:28');
INSERT INTO `app_my_farah_chambre` (`id_chambre`, `libelle_chambre`, `type_chambre`, `id_etage`, `description`, `etat_chambre`, `id_hospitalisation`, `user_connect`, `date_crea`) VALUES
(125, 'Chambre 234 B', '3', 2, 'vue sur la lagune ', 0, '', 'diby225@polycliniquefarah.com', '2025-10-24 10:36:51');
INSERT INTO `app_my_farah_chambre` (`id_chambre`, `libelle_chambre`, `type_chambre`, `id_etage`, `description`, `etat_chambre`, `id_hospitalisation`, `user_connect`, `date_crea`) VALUES
(126, 'Chambre 323 B ', '3', 3, 'CHAMBRE IND TRANSFORME EN DOUBLE ', 0, '', 'conciergerie4@polycliniquefarah.com', '2026-02-11 11:46:44');
INSERT INTO `app_my_farah_chambre` (`id_chambre`, `libelle_chambre`, `type_chambre`, `id_etage`, `description`, `etat_chambre`, `id_hospitalisation`, `user_connect`, `date_crea`) VALUES
(127, 'Chambre 223 B ', '3', 2, 'chambre ind transforme en chambre double ', 0, '', 'conciergerie4@polycliniquefarah.com', '2026-02-17 10:25:25');
INSERT INTO `app_my_farah_chambre` (`id_chambre`, `libelle_chambre`, `type_chambre`, `id_etage`, `description`, `etat_chambre`, `id_hospitalisation`, `user_connect`, `date_crea`) VALUES
(128, 'Chambre 204 B ', '3', 2, 'Chambre ind transformer en double ', 0, '', 'conciergerie4@polycliniquefarah.com', '2026-02-19 16:02:31');
INSERT INTO `app_my_farah_chambre` (`id_chambre`, `libelle_chambre`, `type_chambre`, `id_etage`, `description`, `etat_chambre`, `id_hospitalisation`, `user_connect`, `date_crea`) VALUES
(129, 'Chambre 303 B ', '3', 3, 'VUE SUR LA VILLE ', 0, '', 'conciergerie4@polycliniquefarah.com', '2026-03-23 15:48:35');
INSERT INTO `app_my_farah_chambre` (`id_chambre`, `libelle_chambre`, `type_chambre`, `id_etage`, `description`, `etat_chambre`, `id_hospitalisation`, `user_connect`, `date_crea`) VALUES
(130, 'Chambre 233 B', '3', 2, 'CHAMBRE IND DEVENU DOUBLE ', 0, '', 'conciergerie4@polycliniquefarah.com', '2026-05-20 10:03:57');
INSERT INTO `app_my_farah_chambre` (`id_chambre`, `libelle_chambre`, `type_chambre`, `id_etage`, `description`, `etat_chambre`, `id_hospitalisation`, `user_connect`, `date_crea`) VALUES
(131, '326 A1', '5', 3, 'VUE SUR LA LAGUNE', 0, '', 'standard4@polycliniquefarah.com', '2026-06-18 12:08:16');
INSERT INTO `app_my_farah_chambre` (`id_chambre`, `libelle_chambre`, `type_chambre`, `id_etage`, `description`, `etat_chambre`, `id_hospitalisation`, `user_connect`, `date_crea`) VALUES
(132, '326 A2', '5', 3, 'VUE SUR LA LAGUNE', 1, '13712', 'standard4@polycliniquefarah.com', '2026-06-18 12:08:49');

-- --------------------------------------------------------

--
-- Structure de la table `app_my_farah_codebare`
--


-- ==== app_my_farah_assurance ====
CREATE TABLE `app_my_farah_assurance` (
  `id_assurance` int NOT NULL,
  `titre_assurance` varchar(255) CHARACTER SET utf8mb4 COLLATE utf8mb4_general_ci NOT NULL,
  `libelle_assurance` varchar(255) CHARACTER SET utf8mb4 COLLATE utf8mb4_general_ci NOT NULL,
  `lien_assurance` varchar(255) CHARACTER SET utf8mb4 COLLATE utf8mb4_general_ci NOT NULL
) ENGINE=InnoDB DEFAULT CHARSET=utf8mb4;

--
-- Déchargement des données de la table `app_my_farah_assurance`
--

INSERT INTO `app_my_farah_assurance` (`id_assurance`, `titre_assurance`, `libelle_assurance`, `lien_assurance`) VALUES
(1, 'Assurances nationales', 'ANKARA', 'http://sante.ankaraservices.com');
INSERT INTO `app_my_farah_assurance` (`id_assurance`, `titre_assurance`, `libelle_assurance`, `lien_assurance`) VALUES
(2, 'Assurances nationales', 'ASCOMA COTE D’IVOIRE SANTE', 'http://www.ascomaci-sante.com/asp5/men_test.asp?a=1&b=20909');
INSERT INTO `app_my_farah_assurance` (`id_assurance`, `titre_assurance`, `libelle_assurance`, `lien_assurance`) VALUES
(3, 'Assurances nationales', 'ASSOCIATION SUNU', 'http://160.120.131.45:4101/Home/Index');
INSERT INTO `app_my_farah_assurance` (`id_assurance`, `titre_assurance`, `libelle_assurance`, `lien_assurance`) VALUES
(4, 'Assurances nationales', 'ATLANTIQUE ASSURANCES', 'https://atlantique-sante.net/Account/Login?ReturnUrl=%2FHome%2FIndex');
INSERT INTO `app_my_farah_assurance` (`id_assurance`, `titre_assurance`, `libelle_assurance`, `lien_assurance`) VALUES
(5, 'Assurances nationales', 'AXA COTE D’IVOIRE', 'https://axaweb-sante.com/web/sante/connexion?p_p_state=maximized&p_p_mode=view&refererPlid=33822&saveLastPath=false&_com_liferay_login_web_portlet_LoginPortlet_mvcRenderCommandName=%2Flogin%2Flogin&p_p_id=com_liferay_login_web_portlet_LoginPortlet&p_p_lif');
INSERT INTO `app_my_farah_assurance` (`id_assurance`, `titre_assurance`, `libelle_assurance`, `lien_assurance`) VALUES
(6, 'Assurances nationales', 'C.I.M.E.F ASSURANCE', 'https://cimef-apps-sante.com/#/');
INSERT INTO `app_my_farah_assurance` (`id_assurance`, `titre_assurance`, `libelle_assurance`, `lien_assurance`) VALUES
(7, 'Assurances nationales', 'COMAR', '');
INSERT INTO `app_my_farah_assurance` (`id_assurance`, `titre_assurance`, `libelle_assurance`, `lien_assurance`) VALUES
(8, 'Assurances nationales', 'EC VITALIS', 'https://prestataire.vitalis-ci.com/Connexion/');
INSERT INTO `app_my_farah_assurance` (`id_assurance`, `titre_assurance`, `libelle_assurance`, `lien_assurance`) VALUES
(9, 'Assurances nationales', 'GGA COTE D’IVOIRE', 'https://digit.esante.gga-ci.com/fr/login');
INSERT INTO `app_my_farah_assurance` (`id_assurance`, `titre_assurance`, `libelle_assurance`, `lien_assurance`) VALUES
(10, 'Assurances nationales', 'MCI CARE', 'http://isanet.mcicareci.com:8036');
INSERT INTO `app_my_farah_assurance` (`id_assurance`, `titre_assurance`, `libelle_assurance`, `lien_assurance`) VALUES
(11, 'Assurances nationales', 'MUNASSUR', 'htpp://www.munassursante.com/munassur/');
INSERT INTO `app_my_farah_assurance` (`id_assurance`, `titre_assurance`, `libelle_assurance`, `lien_assurance`) VALUES
(12, 'Assurances nationales', 'NOUVELLE SOCIETE INTERAFRICAINE ASSURANCES DE COTE D’IVOIRE (NSIA-CI)', 'https://sante.nsiaassurances.ci/ticket.html');
INSERT INTO `app_my_farah_assurance` (`id_assurance`, `titre_assurance`, `libelle_assurance`, `lien_assurance`) VALUES
(13, 'Assurances nationales', 'OLEA SANTE', 'https://oleasante.com/login/?next=/');
INSERT INTO `app_my_farah_assurance` (`id_assurance`, `titre_assurance`, `libelle_assurance`, `lien_assurance`) VALUES
(14, 'Assurances nationales', 'SCA INTER', 'https://www.scaintera-sgam.com/soins.php');
INSERT INTO `app_my_farah_assurance` (`id_assurance`, `titre_assurance`, `libelle_assurance`, `lien_assurance`) VALUES
(15, 'Assurances nationales', 'SCCONAS', 'http://164.160.34.25:8081/Home/Index');
INSERT INTO `app_my_farah_assurance` (`id_assurance`, `titre_assurance`, `libelle_assurance`, `lien_assurance`) VALUES
(16, 'Assurances nationales', 'SERENITY SA', 'http://sante.serenity-sa.com');
INSERT INTO `app_my_farah_assurance` (`id_assurance`, `titre_assurance`, `libelle_assurance`, `lien_assurance`) VALUES
(17, 'Assurances nationales', 'SIPROMED ASSISTANCE', '');
INSERT INTO `app_my_farah_assurance` (`id_assurance`, `titre_assurance`, `libelle_assurance`, `lien_assurance`) VALUES
(18, 'Assurances nationales', 'SOGEMAD', 'https://www.caresogemad.net/sogemadsante/connexion');
INSERT INTO `app_my_farah_assurance` (`id_assurance`, `titre_assurance`, `libelle_assurance`, `lien_assurance`) VALUES
(19, 'Assurances nationales', 'SUNU ASSURANCES', '');
INSERT INTO `app_my_farah_assurance` (`id_assurance`, `titre_assurance`, `libelle_assurance`, `lien_assurance`) VALUES
(20, 'Assurances nationales', 'SUNU VIE', 'http://sunuviesante.sunu-group.com:48456');
INSERT INTO `app_my_farah_assurance` (`id_assurance`, `titre_assurance`, `libelle_assurance`, `lien_assurance`) VALUES
(21, 'Assurances nationales', 'VITALIS', 'https://prestataire.vitalis-ci.com/Connexion/');
INSERT INTO `app_my_farah_assurance` (`id_assurance`, `titre_assurance`, `libelle_assurance`, `lien_assurance`) VALUES
(22, 'Assurances nationales', 'WILLIS TOWERS WATSON EX GRAS SAVOYE', 'https://medinova.wtwco.com');
INSERT INTO `app_my_farah_assurance` (`id_assurance`, `titre_assurance`, `libelle_assurance`, `lien_assurance`) VALUES
(23, 'Assurances internationales', 'ALLIANZ ASSURANCE', 'http://prestation.allianz-ci.com:9999/Account/Login?ReturnUrl=%2FHome%2FIndex');
INSERT INTO `app_my_farah_assurance` (`id_assurance`, `titre_assurance`, `libelle_assurance`, `lien_assurance`) VALUES
(24, 'Assurances internationales', 'ALLIANZ CARE', 'http://prestation.allianz-ci.com:9999/Account/Login?ReturnUrl=%2FHome%2FIndex');
INSERT INTO `app_my_farah_assurance` (`id_assurance`, `titre_assurance`, `libelle_assurance`, `lien_assurance`) VALUES
(25, 'Assurances internationales', 'AMGS.AFRICA', 'http://sante.amgs.africa/login');
INSERT INTO `app_my_farah_assurance` (`id_assurance`, `titre_assurance`, `libelle_assurance`, `lien_assurance`) VALUES
(26, 'Assurances internationales', 'APRIL INTERNATIONAL CARE', '');
INSERT INTO `app_my_farah_assurance` (`id_assurance`, `titre_assurance`, `libelle_assurance`, `lien_assurance`) VALUES
(27, 'Assurances internationales', 'BIL ASSURANCE', '');
INSERT INTO `app_my_farah_assurance` (`id_assurance`, `titre_assurance`, `libelle_assurance`, `lien_assurance`) VALUES
(28, 'Assurances internationales', 'CAISSE DES FRANCAIS A L’ETRANGER CFE', '');
INSERT INTO `app_my_farah_assurance` (`id_assurance`, `titre_assurance`, `libelle_assurance`, `lien_assurance`) VALUES
(29, 'Assurances internationales', 'C.I.C.R (Comité International de la Croix Rouge)', '');
INSERT INTO `app_my_farah_assurance` (`id_assurance`, `titre_assurance`, `libelle_assurance`, `lien_assurance`) VALUES
(30, 'Assurances internationales', 'CIGNA', 'https://public.cignaenvoy.com/ciebpublic/home.htm');
INSERT INTO `app_my_farah_assurance` (`id_assurance`, `titre_assurance`, `libelle_assurance`, `lien_assurance`) VALUES
(31, 'Assurances internationales', 'CNR Internationale (Côte d’Ivoire)', '');
INSERT INTO `app_my_farah_assurance` (`id_assurance`, `titre_assurance`, `libelle_assurance`, `lien_assurance`) VALUES
(32, 'Assurances internationales', 'GBG INSURANCE', '');
INSERT INTO `app_my_farah_assurance` (`id_assurance`, `titre_assurance`, `libelle_assurance`, `lien_assurance`) VALUES
(33, 'Assurances internationales', 'GBG AETNA', '');
INSERT INTO `app_my_farah_assurance` (`id_assurance`, `titre_assurance`, `libelle_assurance`, `lien_assurance`) VALUES
(34, 'Assurances internationales', 'HENNER SANTE', 'https://healthcare-partners.henner.com/login');
INSERT INTO `app_my_farah_assurance` (`id_assurance`, `titre_assurance`, `libelle_assurance`, `lien_assurance`) VALUES
(35, 'Assurances internationales', 'HTH WORLDIDE', '');
INSERT INTO `app_my_farah_assurance` (`id_assurance`, `titre_assurance`, `libelle_assurance`, `lien_assurance`) VALUES
(36, 'Assurances internationales', 'INTER MUTUELLES ASSISTANCE GIE (IMA)', '');
INSERT INTO `app_my_farah_assurance` (`id_assurance`, `titre_assurance`, `libelle_assurance`, `lien_assurance`) VALUES
(37, 'Assurances internationales', 'INTERNATIONAL SOS Assistance S A', '');
INSERT INTO `app_my_farah_assurance` (`id_assurance`, `titre_assurance`, `libelle_assurance`, `lien_assurance`) VALUES
(38, 'Entreprises', 'M.S.F (MEDECINS SANS FRONTIERES)', '');
INSERT INTO `app_my_farah_assurance` (`id_assurance`, `titre_assurance`, `libelle_assurance`, `lien_assurance`) VALUES
(39, 'Assurances internationales', 'MEDEXA', '');
INSERT INTO `app_my_farah_assurance` (`id_assurance`, `titre_assurance`, `libelle_assurance`, `lien_assurance`) VALUES
(40, 'Assurances internationales', 'MSH INTERNATIONAL', 'https://www.msh-intl.com/fr/');
INSERT INTO `app_my_farah_assurance` (`id_assurance`, `titre_assurance`, `libelle_assurance`, `lien_assurance`) VALUES
(41, 'Assurances internationales', 'MSO-BUPA', '');
INSERT INTO `app_my_farah_assurance` (`id_assurance`, `titre_assurance`, `libelle_assurance`, `lien_assurance`) VALUES
(42, 'Entreprises', 'O.M.S (Organisation Mondiale de la Santé)', '');
INSERT INTO `app_my_farah_assurance` (`id_assurance`, `titre_assurance`, `libelle_assurance`, `lien_assurance`) VALUES
(43, 'Assurances internationales', 'VYV IA LLT CONSULTING', '');
INSERT INTO `app_my_farah_assurance` (`id_assurance`, `titre_assurance`, `libelle_assurance`, `lien_assurance`) VALUES
(44, 'Entreprises', 'AITEK SA', '');
INSERT INTO `app_my_farah_assurance` (`id_assurance`, `titre_assurance`, `libelle_assurance`, `lien_assurance`) VALUES
(45, 'Entreprises', 'BCEAO', '');
INSERT INTO `app_my_farah_assurance` (`id_assurance`, `titre_assurance`, `libelle_assurance`, `lien_assurance`) VALUES
(46, 'Entreprises', 'BHCI', '');
INSERT INTO `app_my_farah_assurance` (`id_assurance`, `titre_assurance`, `libelle_assurance`, `lien_assurance`) VALUES
(47, 'Entreprises', 'BOLLORE / MEX', '');
INSERT INTO `app_my_farah_assurance` (`id_assurance`, `titre_assurance`, `libelle_assurance`, `lien_assurance`) VALUES
(48, 'Entreprises', 'BRASSIVOIRE', '');
INSERT INTO `app_my_farah_assurance` (`id_assurance`, `titre_assurance`, `libelle_assurance`, `lien_assurance`) VALUES
(49, 'Entreprises', 'BRMCI (Banque Régionale de Marché)', '');
INSERT INTO `app_my_farah_assurance` (`id_assurance`, `titre_assurance`, `libelle_assurance`, `lien_assurance`) VALUES
(50, 'Entreprises', 'CABINET MEDICAL F2M', '');
INSERT INTO `app_my_farah_assurance` (`id_assurance`, `titre_assurance`, `libelle_assurance`, `lien_assurance`) VALUES
(51, 'Entreprises', 'CARGILL WEST AFRICA Et CARGIL COCOA', '');
INSERT INTO `app_my_farah_assurance` (`id_assurance`, `titre_assurance`, `libelle_assurance`, `lien_assurance`) VALUES
(52, 'Entreprises', 'CBC (Conseil Burkinabé des Chargeurs)', '');
INSERT INTO `app_my_farah_assurance` (`id_assurance`, `titre_assurance`, `libelle_assurance`, `lien_assurance`) VALUES
(53, 'Entreprises', 'CEDEAO', '');
INSERT INTO `app_my_farah_assurance` (`id_assurance`, `titre_assurance`, `libelle_assurance`, `lien_assurance`) VALUES
(54, 'Entreprises', 'CENTAURES ROUTIER', '');
INSERT INTO `app_my_farah_assurance` (`id_assurance`, `titre_assurance`, `libelle_assurance`, `lien_assurance`) VALUES
(55, 'Entreprises', 'CFAO', '');
INSERT INTO `app_my_farah_assurance` (`id_assurance`, `titre_assurance`, `libelle_assurance`, `lien_assurance`) VALUES
(56, 'Entreprises', 'CIPREL', '');
INSERT INTO `app_my_farah_assurance` (`id_assurance`, `titre_assurance`, `libelle_assurance`, `lien_assurance`) VALUES
(57, 'Entreprises', 'CLIMATECH', '');
INSERT INTO `app_my_farah_assurance` (`id_assurance`, `titre_assurance`, `libelle_assurance`, `lien_assurance`) VALUES
(58, 'Entreprises', 'CLINIQUE LA PROVIDENCE', '');
INSERT INTO `app_my_farah_assurance` (`id_assurance`, `titre_assurance`, `libelle_assurance`, `lien_assurance`) VALUES
(59, 'Entreprises', 'CLINIQUE MEDICALE TRADE CENTER', '');
INSERT INTO `app_my_farah_assurance` (`id_assurance`, `titre_assurance`, `libelle_assurance`, `lien_assurance`) VALUES
(60, 'Entreprises', 'CMB PECHE', '');
INSERT INTO `app_my_farah_assurance` (`id_assurance`, `titre_assurance`, `libelle_assurance`, `lien_assurance`) VALUES
(61, 'Entreprises', 'COMMISSION BANCAIRE', '');
INSERT INTO `app_my_farah_assurance` (`id_assurance`, `titre_assurance`, `libelle_assurance`, `lien_assurance`) VALUES
(62, 'Entreprises', 'CRRAE UMOA', '');
INSERT INTO `app_my_farah_assurance` (`id_assurance`, `titre_assurance`, `libelle_assurance`, `lien_assurance`) VALUES
(63, 'Entreprises', 'DIASS LES FORCES FRANCAISES EN CI', '');
INSERT INTO `app_my_farah_assurance` (`id_assurance`, `titre_assurance`, `libelle_assurance`, `lien_assurance`) VALUES
(64, 'Entreprises', 'DTPCI', '');
INSERT INTO `app_my_farah_assurance` (`id_assurance`, `titre_assurance`, `libelle_assurance`, `lien_assurance`) VALUES
(65, 'Entreprises', 'ELECNOR COTE D’IVOIRE S.A', '');
INSERT INTO `app_my_farah_assurance` (`id_assurance`, `titre_assurance`, `libelle_assurance`, `lien_assurance`) VALUES
(66, 'Entreprises', 'ENDEAVOUR MINNING', '');
INSERT INTO `app_my_farah_assurance` (`id_assurance`, `titre_assurance`, `libelle_assurance`, `lien_assurance`) VALUES
(67, 'Entreprises', 'EIFFAGE GENIE CIVIL C', '');
INSERT INTO `app_my_farah_assurance` (`id_assurance`, `titre_assurance`, `libelle_assurance`, `lien_assurance`) VALUES
(68, 'Entreprises', 'EIFFAGE INFRASTRUCTURE CI', '');
INSERT INTO `app_my_farah_assurance` (`id_assurance`, `titre_assurance`, `libelle_assurance`, `lien_assurance`) VALUES
(69, 'Entreprises', 'ENI COTE D’IVOIRE Ltd', '');
INSERT INTO `app_my_farah_assurance` (`id_assurance`, `titre_assurance`, `libelle_assurance`, `lien_assurance`) VALUES
(70, 'Entreprises', 'ESPACE MEDICAL YOPOUGON', '');
INSERT INTO `app_my_farah_assurance` (`id_assurance`, `titre_assurance`, `libelle_assurance`, `lien_assurance`) VALUES
(71, 'Entreprises', 'FOXTROT', '');
INSERT INTO `app_my_farah_assurance` (`id_assurance`, `titre_assurance`, `libelle_assurance`, `lien_assurance`) VALUES
(72, 'Entreprises', 'GLOBAL ENERGY VENTURE SARL', '');
INSERT INTO `app_my_farah_assurance` (`id_assurance`, `titre_assurance`, `libelle_assurance`, `lien_assurance`) VALUES
(73, 'Entreprises', 'GRAND MOULINS D’ABIDJAN (GMA)', '');
INSERT INTO `app_my_farah_assurance` (`id_assurance`, `titre_assurance`, `libelle_assurance`, `lien_assurance`) VALUES
(74, 'Entreprises', 'GRIMALDI', '');
INSERT INTO `app_my_farah_assurance` (`id_assurance`, `titre_assurance`, `libelle_assurance`, `lien_assurance`) VALUES
(75, 'Entreprises', 'HUAWEI TECHNOLOGIE CI', '');
INSERT INTO `app_my_farah_assurance` (`id_assurance`, `titre_assurance`, `libelle_assurance`, `lien_assurance`) VALUES
(76, 'Entreprises', 'ICM', '');
INSERT INTO `app_my_farah_assurance` (`id_assurance`, `titre_assurance`, `libelle_assurance`, `lien_assurance`) VALUES
(77, 'Entreprises', 'SOLIBRA EXPATRIE ITS – AOC(GROUPE SOLIBRA)', '');
INSERT INTO `app_my_farah_assurance` (`id_assurance`, `titre_assurance`, `libelle_assurance`, `lien_assurance`) VALUES
(78, 'Entreprises', 'IVOIRE VOYAGES TOURISME', '');
INSERT INTO `app_my_farah_assurance` (`id_assurance`, `titre_assurance`, `libelle_assurance`, `lien_assurance`) VALUES
(79, 'Entreprises', 'KOICA (Agence Coréenne de Coopération Internationale)', '');
INSERT INTO `app_my_farah_assurance` (`id_assurance`, `titre_assurance`, `libelle_assurance`, `lien_assurance`) VALUES
(80, 'Entreprises', 'LAFARGE HOLCIM CI', '');
INSERT INTO `app_my_farah_assurance` (`id_assurance`, `titre_assurance`, `libelle_assurance`, `lien_assurance`) VALUES
(81, 'Entreprises', 'LA SECURITE ET SERVICES', '');
INSERT INTO `app_my_farah_assurance` (`id_assurance`, `titre_assurance`, `libelle_assurance`, `lien_assurance`) VALUES
(82, 'Entreprises', 'M.A.L.D.F.G(Mutuelle des Agents de la LIBRAIRIE DE France et Groupe)', '');
INSERT INTO `app_my_farah_assurance` (`id_assurance`, `titre_assurance`, `libelle_assurance`, `lien_assurance`) VALUES
(83, 'Entreprises', 'MATIERE IVOIRE', '');
INSERT INTO `app_my_farah_assurance` (`id_assurance`, `titre_assurance`, `libelle_assurance`, `lien_assurance`) VALUES
(84, 'Entreprises', 'MSC', '');
INSERT INTO `app_my_farah_assurance` (`id_assurance`, `titre_assurance`, `libelle_assurance`, `lien_assurance`) VALUES
(85, 'Entreprises', 'NESTLE', '');
INSERT INTO `app_my_farah_assurance` (`id_assurance`, `titre_assurance`, `libelle_assurance`, `lien_assurance`) VALUES
(86, 'Entreprises', 'NSIA BANQUE', '');
INSERT INTO `app_my_farah_assurance` (`id_assurance`, `titre_assurance`, `libelle_assurance`, `lien_assurance`) VALUES
(87, 'Entreprises', 'SIB', '');
INSERT INTO `app_my_farah_assurance` (`id_assurance`, `titre_assurance`, `libelle_assurance`, `lien_assurance`) VALUES
(88, 'Entreprises', 'SICMA', '');
INSERT INTO `app_my_farah_assurance` (`id_assurance`, `titre_assurance`, `libelle_assurance`, `lien_assurance`) VALUES
(89, 'Entreprises', 'SOCIETE IVOIRIENNE DE RAFFINAGE', '');
INSERT INTO `app_my_farah_assurance` (`id_assurance`, `titre_assurance`, `libelle_assurance`, `lien_assurance`) VALUES
(90, 'Entreprises', 'SOS ABIDJAN', '');
INSERT INTO `app_my_farah_assurance` (`id_assurance`, `titre_assurance`, `libelle_assurance`, `lien_assurance`) VALUES
(91, 'Entreprises', 'SUCRIVOIRE', '');
INSERT INTO `app_my_farah_assurance` (`id_assurance`, `titre_assurance`, `libelle_assurance`, `lien_assurance`) VALUES
(92, 'Entreprises', 'TCI AFRICA', '');
INSERT INTO `app_my_farah_assurance` (`id_assurance`, `titre_assurance`, `libelle_assurance`, `lien_assurance`) VALUES
(93, 'Entreprises', 'T.S.P (Terminal de San Pedro)', '');
INSERT INTO `app_my_farah_assurance` (`id_assurance`, `titre_assurance`, `libelle_assurance`, `lien_assurance`) VALUES
(94, 'Mutuelles', 'CNPS PERSONNELS', 'https://cm.cnps.ci');
INSERT INTO `app_my_farah_assurance` (`id_assurance`, `titre_assurance`, `libelle_assurance`, `lien_assurance`) VALUES
(95, 'Mutuelles', 'MUDCI (Mutuelle de la DOUANES)', 'https://web.mudci.net/');
INSERT INTO `app_my_farah_assurance` (`id_assurance`, `titre_assurance`, `libelle_assurance`, `lien_assurance`) VALUES
(96, 'Mutuelles', 'GESTOCI', '');
INSERT INTO `app_my_farah_assurance` (`id_assurance`, `titre_assurance`, `libelle_assurance`, `lien_assurance`) VALUES
(97, 'Mutuelles', 'MADGI', 'https://siaps.madgi.ci/#/');
INSERT INTO `app_my_farah_assurance` (`id_assurance`, `titre_assurance`, `libelle_assurance`, `lien_assurance`) VALUES
(98, 'Mutuelles', 'MSP SBCI (Mutuelle du personnel de la SGBCI)', '');
INSERT INTO `app_my_farah_assurance` (`id_assurance`, `titre_assurance`, `libelle_assurance`, `lien_assurance`) VALUES
(99, 'Mutuelles', 'MU2S CIE', '');
INSERT INTO `app_my_farah_assurance` (`id_assurance`, `titre_assurance`, `libelle_assurance`, `lien_assurance`) VALUES
(100, 'Mutuelles', 'MU2S SODECI', '');
INSERT INTO `app_my_farah_assurance` (`id_assurance`, `titre_assurance`, `libelle_assurance`, `lien_assurance`) VALUES
(101, 'Mutuelles', 'MU2SIVE', '');
INSERT INTO `app_my_farah_assurance` (`id_assurance`, `titre_assurance`, `libelle_assurance`, `lien_assurance`) VALUES
(102, 'Mutuelles', 'MUGEFCI', 'https://ivoire.mugef-ci.net/ivoire/log.php');
INSERT INTO `app_my_farah_assurance` (`id_assurance`, `titre_assurance`, `libelle_assurance`, `lien_assurance`) VALUES
(103, 'Mutuelles', 'Mutuelle de santé des agents de PALMAFRIQUE (MUSAPALM)', '');
INSERT INTO `app_my_farah_assurance` (`id_assurance`, `titre_assurance`, `libelle_assurance`, `lien_assurance`) VALUES
(104, 'Mutuelles', 'MSPCI(MUTUELLE SOCIALE POSTE CI)', 'https://mspci.proximaas.net/web/login');
INSERT INTO `app_my_farah_assurance` (`id_assurance`, `titre_assurance`, `libelle_assurance`, `lien_assurance`) VALUES
(105, 'Mutuelles', 'SPDC (Mutuelle de la Société Des Palaces De Cocody)', '');
INSERT INTO `app_my_farah_assurance` (`id_assurance`, `titre_assurance`, `libelle_assurance`, `lien_assurance`) VALUES
(106, 'Entreprises', 'SAIPEM', '');
INSERT INTO `app_my_farah_assurance` (`id_assurance`, `titre_assurance`, `libelle_assurance`, `lien_assurance`) VALUES
(107, 'Entreprises', 'Polyclinique Farah', '');
INSERT INTO `app_my_farah_assurance` (`id_assurance`, `titre_assurance`, `libelle_assurance`, `lien_assurance`) VALUES
(108, 'Entreprises', 'SIR', '');
INSERT INTO `app_my_farah_assurance` (`id_assurance`, `titre_assurance`, `libelle_assurance`, `lien_assurance`) VALUES
(109, 'Mutuelles', 'CNPS', 'https://cm.cnps.ci');
INSERT INTO `app_my_farah_assurance` (`id_assurance`, `titre_assurance`, `libelle_assurance`, `lien_assurance`) VALUES
(110, 'Mutuelles', 'Ministère des Finances ', '');
INSERT INTO `app_my_farah_assurance` (`id_assurance`, `titre_assurance`, `libelle_assurance`, `lien_assurance`) VALUES
(111, 'Assurances nationales', 'IVOIRE SANTE', '');
INSERT INTO `app_my_farah_assurance` (`id_assurance`, `titre_assurance`, `libelle_assurance`, `lien_assurance`) VALUES
(112, 'Mutuelles', 'NOVELIA', 'https://sante.novelia-assurances.ci/#/');
INSERT INTO `app_my_farah_assurance` (`id_assurance`, `titre_assurance`, `libelle_assurance`, `lien_assurance`) VALUES
(113, 'Assurances nationales', 'NISSI', 'https://prestataires.nissiassurances.com/');
INSERT INTO `app_my_farah_assurance` (`id_assurance`, `titre_assurance`, `libelle_assurance`, `lien_assurance`) VALUES
(114, 'Assurances nationales', 'ODISSEY GS', 'https://prestataire.odisseygs.com/');
INSERT INTO `app_my_farah_assurance` (`id_assurance`, `titre_assurance`, `libelle_assurance`, `lien_assurance`) VALUES
(115, 'Assurances nationales', 'CHORUS GESTION COTE D\\\'IVOIRE', 'https://prestataire.chorus-ci.com/login');
INSERT INTO `app_my_farah_assurance` (`id_assurance`, `titre_assurance`, `libelle_assurance`, `lien_assurance`) VALUES
(116, 'Assurances nationales', 'AKWABA-ACR', 'https://www.akwaba.acr-afma.com/session/signin');
INSERT INTO `app_my_farah_assurance` (`id_assurance`, `titre_assurance`, `libelle_assurance`, `lien_assurance`) VALUES
(118, 'Assurances nationales', 'ECARE-CI', '');
INSERT INTO `app_my_farah_assurance` (`id_assurance`, `titre_assurance`, `libelle_assurance`, `lien_assurance`) VALUES
(119, 'Assurances internationales', 'HEALIX international', '');
INSERT INTO `app_my_farah_assurance` (`id_assurance`, `titre_assurance`, `libelle_assurance`, `lien_assurance`) VALUES
(120, 'Assurances internationales', 'INTERNATIONALE SOS(I.S.OS)', '');
INSERT INTO `app_my_farah_assurance` (`id_assurance`, `titre_assurance`, `libelle_assurance`, `lien_assurance`) VALUES
(121, 'Assurances internationales', 'V.Y.V INTERNATIONALE ASSISTANCE(C.F.E)', '');
INSERT INTO `app_my_farah_assurance` (`id_assurance`, `titre_assurance`, `libelle_assurance`, `lien_assurance`) VALUES
(122, 'Assurances internationales', 'ILA(INSURANCE FOR LIBANESE IN AFRICA)', '');
INSERT INTO `app_my_farah_assurance` (`id_assurance`, `titre_assurance`, `libelle_assurance`, `lien_assurance`) VALUES
(123, 'Assurances internationales', 'CARPS International', '');
INSERT INTO `app_my_farah_assurance` (`id_assurance`, `titre_assurance`, `libelle_assurance`, `lien_assurance`) VALUES
(124, 'Assurances internationales', 'TRICARE Overseas', '');
INSERT INTO `app_my_farah_assurance` (`id_assurance`, `titre_assurance`, `libelle_assurance`, `lien_assurance`) VALUES
(125, 'Assurances internationales', 'ALLIANZ PARTNERS', '');
INSERT INTO `app_my_farah_assurance` (`id_assurance`, `titre_assurance`, `libelle_assurance`, `lien_assurance`) VALUES
(126, 'Entreprises', 'UNION EUROPEENE', '');
INSERT INTO `app_my_farah_assurance` (`id_assurance`, `titre_assurance`, `libelle_assurance`, `lien_assurance`) VALUES
(127, 'Mutuelles', 'BANQUE ATLANTIQUE ASSURANCE CI', '');
INSERT INTO `app_my_farah_assurance` (`id_assurance`, `titre_assurance`, `libelle_assurance`, `lien_assurance`) VALUES
(128, 'Mutuelles', 'ASSOCIATION SUSU', '');
INSERT INTO `app_my_farah_assurance` (`id_assurance`, `titre_assurance`, `libelle_assurance`, `lien_assurance`) VALUES
(129, 'Mutuelles', 'MUTUELLE SOCIALE AFIYAH SANTE', '');
INSERT INTO `app_my_farah_assurance` (`id_assurance`, `titre_assurance`, `libelle_assurance`, `lien_assurance`) VALUES
(130, 'Mutuelles', 'ACR-AFMA', '');
INSERT INTO `app_my_farah_assurance` (`id_assurance`, `titre_assurance`, `libelle_assurance`, `lien_assurance`) VALUES
(131, 'Mutuelles', 'MUSCOP-CI (MUTUELLE SOCIALE DU CORPS PREFECTORAL)', '');
INSERT INTO `app_my_farah_assurance` (`id_assurance`, `titre_assurance`, `libelle_assurance`, `lien_assurance`) VALUES
(132, 'Entreprises', 'AGL', '');
INSERT INTO `app_my_farah_assurance` (`id_assurance`, `titre_assurance`, `libelle_assurance`, `lien_assurance`) VALUES
(133, 'Entreprises', 'SCHLUMBERGER', '');
INSERT INTO `app_my_farah_assurance` (`id_assurance`, `titre_assurance`, `libelle_assurance`, `lien_assurance`) VALUES
(134, 'Mutuelles', 'NOUVELLE PARFUMERIE GANDOUR', '');
INSERT INTO `app_my_farah_assurance` (`id_assurance`, `titre_assurance`, `libelle_assurance`, `lien_assurance`) VALUES
(135, 'Entreprises', 'SIR / SMB', '');
INSERT INTO `app_my_farah_assurance` (`id_assurance`, `titre_assurance`, `libelle_assurance`, `lien_assurance`) VALUES
(136, 'Entreprises', 'ENI NATURAL ENERGIES CI SA', '');
INSERT INTO `app_my_farah_assurance` (`id_assurance`, `titre_assurance`, `libelle_assurance`, `lien_assurance`) VALUES
(137, 'Entreprises', 'TFC AGRO', '');
INSERT INTO `app_my_farah_assurance` (`id_assurance`, `titre_assurance`, `libelle_assurance`, `lien_assurance`) VALUES
(138, 'Entreprises', 'ECO EBURNIE (EXPATRIES)', '');
INSERT INTO `app_my_farah_assurance` (`id_assurance`, `titre_assurance`, `libelle_assurance`, `lien_assurance`) VALUES
(139, 'Entreprises', 'SUCAF', '');
INSERT INTO `app_my_farah_assurance` (`id_assurance`, `titre_assurance`, `libelle_assurance`, `lien_assurance`) VALUES
(140, 'Entreprises', 'ALTERA', '');
INSERT INTO `app_my_farah_assurance` (`id_assurance`, `titre_assurance`, `libelle_assurance`, `lien_assurance`) VALUES
(141, 'Entreprises', 'CMM AFRIQUE', '');
INSERT INTO `app_my_farah_assurance` (`id_assurance`, `titre_assurance`, `libelle_assurance`, `lien_assurance`) VALUES
(142, 'Entreprises', 'TLC COTE D\\\'IVOIRE', '');
INSERT INTO `app_my_farah_assurance` (`id_assurance`, `titre_assurance`, `libelle_assurance`, `lien_assurance`) VALUES
(143, 'Entreprises', 'MAERSK-APMT STEVEDORING', '');
INSERT INTO `app_my_farah_assurance` (`id_assurance`, `titre_assurance`, `libelle_assurance`, `lien_assurance`) VALUES
(144, 'Entreprises', 'SOGENA', '');
INSERT INTO `app_my_farah_assurance` (`id_assurance`, `titre_assurance`, `libelle_assurance`, `lien_assurance`) VALUES
(145, 'Entreprises', 'SO WOOD', '');
INSERT INTO `app_my_farah_assurance` (`id_assurance`, `titre_assurance`, `libelle_assurance`, `lien_assurance`) VALUES
(146, 'Entreprises', 'IVOIRE INGENIERIENG', '');
INSERT INTO `app_my_farah_assurance` (`id_assurance`, `titre_assurance`, `libelle_assurance`, `lien_assurance`) VALUES
(147, 'Entreprises', 'TUNA MANAGING SERVICES', '');

-- --------------------------------------------------------

--
-- Structure de la table `app_my_farah_assurance_test`
--


-- ==== app_my_farah_categorie_actualites ====
CREATE TABLE `app_my_farah_categorie_actualites` (
  `id_categorie_actualites` int NOT NULL,
  `libelle_categorie_actualites` varchar(255) NOT NULL,
  `image_categorie_actualites` varchar(255) NOT NULL
) ENGINE=InnoDB DEFAULT CHARSET=utf8mb4;

--
-- Déchargement des données de la table `app_my_farah_categorie_actualites`
--

INSERT INTO `app_my_farah_categorie_actualites` (`id_categorie_actualites`, `libelle_categorie_actualites`, `image_categorie_actualites`) VALUES
(1, 'Radiologie', 'appartement.svg');
INSERT INTO `app_my_farah_categorie_actualites` (`id_categorie_actualites`, `libelle_categorie_actualites`, `image_categorie_actualites`) VALUES
(2, 'Medecine', 'maison.svg');
INSERT INTO `app_my_farah_categorie_actualites` (`id_categorie_actualites`, `libelle_categorie_actualites`, `image_categorie_actualites`) VALUES
(3, 'Pharmacie', 'terrain.svg');
INSERT INTO `app_my_farah_categorie_actualites` (`id_categorie_actualites`, `libelle_categorie_actualites`, `image_categorie_actualites`) VALUES
(4, 'Maladie', 'parking.svg');
INSERT INTO `app_my_farah_categorie_actualites` (`id_categorie_actualites`, `libelle_categorie_actualites`, `image_categorie_actualites`) VALUES
(5, 'Innovation', '');
INSERT INTO `app_my_farah_categorie_actualites` (`id_categorie_actualites`, `libelle_categorie_actualites`, `image_categorie_actualites`) VALUES
(6, 'Financement', '');

-- --------------------------------------------------------

--
-- Structure de la table `app_my_farah_categorie_inside`
--


-- ==== app_my_farah_actualites ====
CREATE TABLE `app_my_farah_actualites` (
  `id_actualites` int NOT NULL,
  `uid` varchar(255) NOT NULL,
  `libelle_actualites` varchar(255) NOT NULL,
  `image_actualites_1` varchar(255) NOT NULL,
  `image_actualites_2` varchar(255) NOT NULL,
  `image_actualites_3` varchar(255) NOT NULL,
  `image_actualites_4` varchar(255) NOT NULL,
  `description_actualites` text NOT NULL,
  `type_actualites` varchar(255) NOT NULL,
  `categorie_actualites` varchar(255) NOT NULL,
  `date_crea_actualites` varchar(255) NOT NULL,
  `etat_actualites` int NOT NULL,
  `auteur` varchar(255) NOT NULL,
  `datepublication` varchar(255) NOT NULL,
  `resume` text NOT NULL,
  `type_article` varchar(255) NOT NULL,
  `titre_resume` varchar(255) NOT NULL
) ENGINE=InnoDB DEFAULT CHARSET=utf8mb4;

--
-- Déchargement des données de la table `app_my_farah_actualites`
--

INSERT INTO `app_my_farah_actualites` (`id_actualites`, `uid`, `libelle_actualites`, `image_actualites_1`, `image_actualites_2`, `image_actualites_3`, `image_actualites_4`, `description_actualites`, `type_actualites`, `categorie_actualites`, `date_crea_actualites`, `etat_actualites`, `auteur`, `datepublication`, `resume`, `type_article`, `titre_resume`) VALUES
(36, '21b264c8-0941-41ea-b17e-288b0d644cd8', 'Cérémonie d’inauguration du premier IRM 3 Tesla à la Polyclinique Farah', 'IMAGE_ACTU5__070720240133081720351988.jpeg', '', '', '', 'Abidjan, le 9 janvier 2024 – La Polyclinique Farah présidée par le Dr. Walid Zahreddine a organisé ce mardi une cérémonie marquant l’inauguration du premier IRM 3T de dernière génération doté d\'Intelligence Artificielle en Afrique Subsaharienne. Cet événement a rassemblé de nombreuses personnalités éminentes. \r\n\r\nL\'IRM 3 Tesla (3T) représente une avancée significative dans le domaine de l\'imagerie médicale, offrant une résolution et une qualité d\'image supérieures. Voici quelques caractéristiques notables de cet appareil :\r\n\r\n-Puissance Magnétique : Avec un champ magnétique de 3 Tesla, cet IRM est deux fois plus puissant que les IRM standard de 1,5 Tesla. Cette puissance accrue permet une meilleure clarté et des détails plus fins dans les images obtenues.\r\n-Précision Diagnostique : Grâce à sa haute résolution, l\'IRM 3T est particulièrement efficace pour détecter de petites anomalies, permettant un diagnostic plus précis et précoce de diverses pathologies, notamment neurologiques, cardiovasculaires et oncologiques.\r\n-Temps de Scan Réduit : L’IRM 3T réduit le temps de scan nécessaire pour obtenir des images détaillées, ce qui améliore le confort des patients et augmente le flux de travail des professionnels de santé.\r\n-Imagerie Fonctionnelle Avancée : Cet appareil est capable de réaliser des examens d\'imagerie fonctionnelle, tels que l\'IRM de diffusion et l\'IRM de perfusion, qui sont essentiels pour des évaluations approfondies des tissus et des organes.\r\n-Intelligence Artificielle: Intégré avec des algorithmes d\'Intelligence Artificielle, l\'IRM 3T améliore l\'analyse des images et l\'interprétation des résultats, augmentant ainsi l\'efficacité et la précision des diagnostics.\r\n-Confort du Patient : Doté de technologies réduisant le bruit et améliorant le confort, l’IRM 3T rend l\'expérience des patients plus agréable.\r\n\r\nCes caractéristiques font de l\'IRM 3 Tesla un outil indispensable pour nos centres médicaux de pointe, offrant des capacités diagnostiques inégalées et contribuant à l\'amélioration des soins aux patients.', '1', '5', '2024-07-07 11:33:08', 0, 'Polyclinique FARAH', '2024-01-08', 'Abidjan, le 9 janvier 2024 – La Polyclinique Farah présidée par le Dr. Walid Zahreddine a organisé ce mardi une cérémonie marquant l’inauguration du premier IRM 3T...', '0', 'Inauguration de la première IRM 3 Tesla en Côte d’Ivoire');
INSERT INTO `app_my_farah_actualites` (`id_actualites`, `uid`, `libelle_actualites`, `image_actualites_1`, `image_actualites_2`, `image_actualites_3`, `image_actualites_4`, `description_actualites`, `type_actualites`, `categorie_actualites`, `date_crea_actualites`, `etat_actualites`, `auteur`, `datepublication`, `resume`, `type_article`, `titre_resume`) VALUES
(37, '12734890-7f76-4c42-aa28-7659e9ce8e12', 'Le tournage du Film « Éternel » à la Polyclinique Farah', 'IMAGE_ACTU5__160720240234321721090073.jpeg', '', '', '', 'Lorsque l’équipe de production du film “Éternel” a cherché un cadre unique pour donner vie à son histoire, elle a trouvé en la Polyclinique Farah le lieu idéal pour accomplir cette tâche. Avec ses locaux modernes, son personnel accueillant et ses espaces lumineux, la Polyclinique Farah offre un cadre qui a su inspirer les réalisateurs, les acteurs et toute l’équipe du film.\r\n\r\nLe film “Éternel” raconte une histoire profonde et touchante, et la Polyclinique Farah a joué un rôle essentiel dans sa création. L’Institut de Radiologie et d’Imagerie Médicale d’Abidjan (IRIMA), les couloirs calmes, les bureaux de consultation et bien d’autres endroits de l’établissement ont servi de toile de fond à de nombreuses scènes cruciales de l’histoire, apportant une dimension unique à l’intrigue et aux personnages.\r\n\r\nEn collaborant avec la Polyclinique Farah, l’équipe de production a également eu l’occasion de sensibiliser le public sur l’importance des soins de santé et sur l’impact positif que de tels établissements ont sur nos vies. La polyclinique a non seulement fourni un cadre magnifique pour le tournage, mais elle a également ouvert ses portes pour faire découvrir au grand public les différentes facettes de son métier et de mieux comprendre l’effort du personnel médical.\r\n  ', '1', '5', '2024-07-16 12:34:32', 0, 'Polyclinique FARAH', '2024-07-16', 'La Polyclinique Farah est bien plus qu’un établissement médical de renom. Elle est également devenue un lieu de tournage prestigieux pour le film “Éternel”, une œuvre cinématographique qui a su capturer la beauté, la diversité et l’âme de notre communauté.', '0', 'LA POLYCLINIQUE FARAH : SCÈNE ÉTERNELLE D’UN TOURNAGE INOUBLIABLE');
INSERT INTO `app_my_farah_actualites` (`id_actualites`, `uid`, `libelle_actualites`, `image_actualites_1`, `image_actualites_2`, `image_actualites_3`, `image_actualites_4`, `description_actualites`, `type_actualites`, `categorie_actualites`, `date_crea_actualites`, `etat_actualites`, `auteur`, `datepublication`, `resume`, `type_article`, `titre_resume`) VALUES
(38, '27d4475d-7f87-455c-841d-699e5e680365', 'PREMIÈRE GREFFE DE CORNÉE À LA POLYCLINIQUE FARAH', 'IMAGE_ACTU2__160720240240071721090408.jpeg', '', '', '', 'La Polyclinique Farah amorce ainsi, un nouveau pas dans le renforcement des capacités sanitaires nationales en appui au programme de l’État de Côte d’Ivoire, qui vise de faire de notre pays, le HUB sanitaire de la sous-région avec l’“Abidjan Medical City” à l’horizon 2025.\n\nPour rappel, la cornée est la partie transparente de l’œil en face de l’iris et de la pupille. Elle est le premier tissu transparent du globe oculaire. Elle permet la convergence des rayons lumineux au cristallin et ainsi à la rétine. Elle est composée de trois couches cellulaires et de deux membranes. Elle est extrêmement fine, ce qui la rend très fragile et sujette à de nombreuses affections et blessures.\n  ', '1', '2', '2024-07-16 12:41:27', 0, 'Polyclinique FARAH', '2023-03-08', 'Le Professeur Maher SALEH a réalisé avec succès, la première intervention de greffe de cornée dans le bloc opératoire de l’établissement. Cet exploit à la fois professionnel et technologique vient ouvrir les voies de la prise en charge locale des patients de la Côte d’Ivoire et de la sous-région, réduisant ainsi les évacuations sanitaires.', '0', '« La Polyclinique Farah innove en matière de prise en charge des maladies oculaires. »');
INSERT INTO `app_my_farah_actualites` (`id_actualites`, `uid`, `libelle_actualites`, `image_actualites_1`, `image_actualites_2`, `image_actualites_3`, `image_actualites_4`, `description_actualites`, `type_actualites`, `categorie_actualites`, `date_crea_actualites`, `etat_actualites`, `auteur`, `datepublication`, `resume`, `type_article`, `titre_resume`) VALUES
(39, '2e91635f-353a-41e7-9384-ff43aa4ed15a', 'Enseignement Post Universitaire : Avancées récentes en oncologie', '594567620_1479677470858552_8818228917369382937_n.jpg', '', '', '', 'La Polyclinique Farah organise une session d\'Enseignement Post Universitaire (EPU) portant sur les avancées récentes en oncologie. Le programme aborde l\'immunothérapie, les thérapies ciblées et les nouvelles recommandations cliniques.\r\n\r\nCette rencontre scientifique se tiendra le vendredi 06 février 2026 à partir de 18h. Elle sera animée par le Pr Judith Didi-Kouko Coulibaly, Directrice du CNRAO, apportant son expertise sur l\'évolution des pratiques cliniques dans le domaine du cancer.\r\n\r\nL\'événement se déroule au sein de la polyclinique, confirmant son engagement dans la formation continue des professionnels de santé et l\'innovation médicale.', '1', '2', '2024-07-16 12:41:27', 0, 'Polyclinique FARAH', '2023-03-08', 'Une session d’enseignement post universitaire dédiée aux avancées récentes en oncologie, incluant immunothérapie et thérapies ciblées.', '0', 'EPU – Avancées en oncologie');
INSERT INTO `app_my_farah_actualites` (`id_actualites`, `uid`, `libelle_actualites`, `image_actualites_1`, `image_actualites_2`, `image_actualites_3`, `image_actualites_4`, `description_actualites`, `type_actualites`, `categorie_actualites`, `date_crea_actualites`, `etat_actualites`, `auteur`, `datepublication`, `resume`, `type_article`, `titre_resume`) VALUES
(40, '7b12a554-f704-44e5-ac7b-d5da6c9af4fd', 'Excellence hospitalière : Célébration de la 1000ème naissance de l\'année', '597565268_1484025520423747_3791360981097151036_n.jpg', '', '', '', 'La Polyclinique Farah marque une étape symbolique avec l\'accueil de la 1000ème naissance de l\'année 2025. Cet événement témoigne de la confiance renouvelée des familles envers les services de maternité et de néonatalogie de l\'établissement.\r\n\r\nCe jalon reflète l\'engagement quotidien des équipes médicales pour assurer une prise en charge sécurisée et humaine. La polyclinique remercie les parents pour avoir partagé ces instants précieux au sein de ses services.\r\n\r\nCertifié ISO 9001 version 2015, l\'établissement continue de placer la compétence et l\'écoute au cœur de sa mission de soins pour les nouveau-nés et leurs familles.', '1', '2', '2024-07-16 12:41:27', 0, 'Polyclinique FARAH', '2023-03-08', 'Une étape symbolique célébrant la 1000ème naissance de l’année, reflet de la confiance accordée aux services de maternité.', '0', '1000ème naissance à la Polyclinique');

-- --------------------------------------------------------

--
-- Structure de la table `app_my_farah_annulation`
--


-- ==== app_my_farah_faq ====
CREATE TABLE `app_my_farah_faq` (
  `id_faq` int NOT NULL,
  `questionfaq` text CHARACTER SET utf8mb4 COLLATE utf8mb4_general_ci NOT NULL,
  `reponsefaq` text CHARACTER SET utf8mb4 COLLATE utf8mb4_general_ci NOT NULL,
  `date_crea` varchar(255) CHARACTER SET utf8mb4 COLLATE utf8mb4_general_ci NOT NULL
) ENGINE=InnoDB DEFAULT CHARSET=utf8mb4;

-- --------------------------------------------------------

--
-- Structure de la table `app_my_farah_feries`
--


